{"id":3240,"date":"2011-01-13T20:08:40","date_gmt":"2011-01-13T18:08:40","guid":{"rendered":"https:\/\/reisen-travel.com\/reise-angebote\/?page_id=3240"},"modified":"2024-02-02T01:28:39","modified_gmt":"2024-02-01T23:28:39","slug":"urlaub-kenia-hotels-guenstig-buchen","status":"publish","type":"page","link":"https:\/\/reisen-travel.com\/reise-angebote\/pauschalreisen\/afrika\/urlaub-kenia-hotels-guenstig-buchen\/","title":{"rendered":"Kenia"},"content":{"rendered":"<h3>Pauschalreise Kenia Urlaub g\u00fcnstig buchen<\/h3>\n<div class=\"tabber\">\n<div class=\"tabbertab\">\n<h3>Angebote mit Flug<\/h3>\n<p><tbe page=\"region\" param-pid=\"A-29203-0\" param-cntry=\"1013\" param-rgn=\"4452\" param-ddate=\"3\" param-rdate=\"150\" param-dur=\"14\" param-ngn=\"package\"><\/p>\n<div class=\"tbe-loading\"><\/div>\n<p><\/tbe><br \/>\n<b>Buchungsmaske g\u00fcnstige Reiseangebote Kenia<\/b>\n <\/div>\n<div class=\"tabbertab\">\n<h3>Eigene Anreise<\/h3>\n<p><iframe loading=\"lazy\" frameborder=\"0\" src=\"https:\/\/tbe.travelsystem.de\/index.html#\/region?ngn=hotel&#038;pid=A-29203-0&#038;cntry=1013&#038;rgn=4452&#038;cty=&#038;giata=&#038;iff=&#038;dur=&#038;ddate=3&#038;rdate=150\" width=\"100%\" height=\"6000\" name=\"Pauschalhotelnbambo\"><\/p>\n<p>Ihr Browser kann leider keine eingebetteten Frames anzeigen:<br \/>\n  Sie k&ouml;nnen die eingebettete Seite &uuml;ber den folgenden Verweis<br \/>\n  aufrufen: <a href=\"https:\/\/tbe.travelsystem.de\/index.html#\/region?ngn=hotel&#038;pid=A-29203-0&#038;cntry=1013&#038;rgn=4452&#038;cty=&#038;giata=&#038;iff=&#038;dur=&#038;ddate=3&#038;rdate=150\">Pauschalhotel<\/a><br \/>\n<\/iframe>\n<\/div>\n<div class=\"tabbertab\">\n<h3>Hotelsuche<\/h3>\n<div\n  data-skyscanner-widget=\"HotelSearchWidget\"\n  data-locale=\"de-DE\"\n  data-market=\"DE\"\n  data-currency=\"EUR\"\n  data-media-partner-id=\"2891447\"\n  data-powered-by-logo-colour=\"light\"\n><\/div>\n<p><script src=\"https:\/\/widgets.skyscanner.net\/widget-server\/js\/loader.js\" async><\/script>\n<\/div>\n<div class=\"tabbertab\">\n<h3>Charterflug<\/h3>\n<p><iframe loading=\"lazy\" frameborder=\"0\" src=\"https:\/\/tbe.travelsystem.de\/index.html#\/region?ngn=flight&#038;pid=A-29203-0&#038;cntry=1013&#038;rgn=4452&#038;cty=&#038;prtr=&#038;ddate=3&#038;rdate=180&#038;dur=7&#038;giata=&#038;iff=\" width=\"100%\" height=\"6000\" name=\"Charterflugmba\"><\/p>\n<p>Ihr Browser kann leider keine eingebetteten Frames anzeigen:<br \/>\n  Sie k&ouml;nnen die eingebettete Seite &uuml;ber den folgenden Verweis<br \/>\n  aufrufen: <a href=\"https:\/\/tbe.travelsystem.de\/index.html#\/region?ngn=flight&#038;pid=A-29203-0&#038;cntry=1013&#038;rgn=4452&#038;cty=&#038;prtr=&#038;ddate=3&#038;rdate=180&#038;dur=7&#038;giata=&#038;iff=\">Charterflug<\/a><br \/>\n<\/iframe>\n<\/div>\n<div class=\"tabbertab\">\n<h3>Flugticket<\/h3>\nOnly admnistrator owned posts can execute the <code>[includeme]<\/code> shortcode. <strong>This message is shown only to administrators<\/strong>.<\/div>\n<\/div>\n<div class=\"tabber\">\n<div class=\"tabbertab\">\n<h3>Wetter<\/h3>\n<table border=\"0\">\n<tr>\n<th align=\"left\" valign=\"top\" width=\"200\" height=\"75\">\n<a href=\"https:\/\/www.weatheronline.co.uk\/cgi-bin\/homecif?WMO=63820&#038;L=en&#038;WIDTH=180&#038;HEIGHT=150&#038;CLOUD=1&#038;V=2\" target=\"Angebote\" id=\"myfavorite\" rel=\"noopener noreferrer\"><\/p>\n<h4>Mombasa<\/h4>\n<p><\/a><\/p>\n<hr>\n<p><a name=\"Nairobi\" href=\"https:\/\/www.weatheronline.co.uk\/cgi-bin\/homecif?WMO=63740&#038;L=en&#038;WIDTH=180&#038;HEIGHT=150&#038;CLOUD=1&#038;V=2\" target=\"Angebote\" title=\"Nairobi Wetter\" rel=\"noopener noreferrer\"><\/p>\n<h4>Nairobi<\/h4>\n<p><\/a><\/p>\n<hr>\n<p> <a name=\"Lamu \" href=\"https:\/\/www.weatheronline.co.uk\/cgi-bin\/homecif?WMO=63772&#038;L=en&#038;WIDTH=180&#038;HEIGHT=150&#038;CLOUD=1&#038;V=2\" target=\"Angebote\" title=\"Lamu Wetter\" rel=\"noopener noreferrer\"><\/p>\n<h4>Lamu <\/h4>\n<p><\/a><\/p>\n<hr>\n<p><a name=\"Malindi\" href=\"https:\/\/www.weatheronline.co.uk\/cgi-bin\/homecif?WMO=63799&#038;L=en&#038;WIDTH=180&#038;HEIGHT=150&#038;CLOUD=1&#038;V=2\" target=\"Angebote\" title=\"Malindi Wetter\" rel=\"noopener noreferrer\"><\/p>\n<h4>Malindi<\/h4>\n<p><\/a><\/p>\n<p><br clear=all><\/p>\n<\/th>\n<th align=\"center\" valign=\"top\" width=\"200\"> <center>Wettervorhersage<\/center><br \/>\n <br \/><iframe loading=\"lazy\" frameborder=\"0\" width=\"300\" height=\"300\" src=\"https:\/\/www.weatheronline.co.uk\/cgi-bin\/homecif?WMO=63820&#038;L=en&#038;WIDTH=180&#038;HEIGHT=150&#038;CLOUD=1&#038;V=2\" name=\"Angebote\" scrolling=\"auto\"><\/iframe>\n<\/th>\n<th align=\"right\"  valign=\"top\" width=\"0\"><\/th>\n<\/tr>\n<\/tr>\n<\/table>\n<\/div>\n<div class=\"tabbertab\">\n<h3>Karte<\/h3>\n<div class=\"su-gmap su-u-responsive-media-yes\"><iframe loading=\"lazy\" width=\"600\" height=\"400\" src=\"\/\/maps.google.com\/maps?q=Kenia&amp;output=embed\" title=\"\"><\/iframe><\/div>\n<p><font size=\"1\" color=\"#f4eeee\"><br \/>\n<marquee><b>Reiseangebote: 1 Tag, 2 Tage, 3 Tage, 4 Tage, 5 Tage, 6 Tage, 7 Tage, 8 Tage, 9 Tage, 10 Tage, 11 Tage, 12 Tage, 13 Tage, 14 Tage, 15 Tage, 16 Tage, 17 Tage, 18 Tage, 19 Tage, 20 Tage, 21 Tage, 1 Woche, 2 Wochen, 3 Wochen, 4 Wochen, Sterne, Hotels, Reisen unter 100 unter 200 unter 300 unter 400 unter 500 Euro 600 unter 700 unter 800, 900, 1000, 1100, bis 1200, bis 1300, bis 1400, bis 1500, bis 1600, bis 1700, bis 1800, bis 1900, bis 2000, bis 2100, bis 2200, bis 2300, bis 2400, bis 2500, bis 2600, bis 2700 Pro Person <\/b><\/marquee><\/font> <\/p>\n<\/p><\/div>\n<div class=\"tabbertab\">\n<h3>Sehenswertes<\/h3>\n<p><center><b>Mombasa<\/b>, die zweitgr\u00f6\u00dfte Stadt des Landes, liegt 500 km von <b>Nairobi<\/b> entfernt. Mombasa ist eine wichtige Hafenstadt, die von ihrer Lage an der einzigen Bahnstrecke ins Landesinnere profitiert. Herrliche Str\u00e4nde erstrecken sich s\u00fcdlich und n\u00f6rdlich der Stadt. Interessant ist die Old Town, das fast v\u00f6llig islamische Altstadtviertel mit engen Gassen und Stra\u00dfenh\u00e4ndlern, die Handarbeiten anbieten. Die Festungsanlage Fort Jesus wurde 1593 von den Portugiesen erbaut und 1698 nach 33-monatiger Belagerung von den Omani-Arabern erobert. Hier ist heute ein Museum untergebracht. Kikoi- und Khanga-T\u00fccher kann man in der Biashara Street kaufen. Das Fremdenverkehrsamt befindet sich in der Moi Avenue.<\/p>\n<p>Das mittlere Hochland<br \/>\nNairobi ist als gr\u00fcne Stadt an der Sonne bekannt. Das moderne <strong>Kenyatta-Konferenzzentrum<\/strong> und das attraktive Stadtbild haben Nairobi zu einer bedeutenden internationalen Handels- und Konferenzstadt gemacht. Nairobi wirkt sehr gepflegt, trotzdem ist die Kriminalit\u00e4t wie in anderen Hauptst\u00e4dten hoch und als Ortsfremder sollte man manche Viertel vor allem nachts meiden. Manche Besucher empfehlen sogar, den Uhuru-Park nicht allein zu betreten. Die Einkaufsm\u00f6glichkeiten sind vielf\u00e4ltig: die Palette reicht von Einkaufszentren im amerikanischen Stil bis hin zu afrikanischen M\u00e4rkten mit Holzbuden. Gro\u00df ist auch das Angebot an Restaurants und Nachtklubs. Zu den Sehensw\u00fcrdigkeiten in und um Nairobi geh\u00f6ren das <strong>Kulturzentrum Bomas of Kenya<\/strong> etwas au\u00dferhalb des Stadtzentrums, wo u. a. Tanzauff\u00fchrungen stattfinden; das Kenya National Museum mit einer V\u00f6lkerkundeabteilung und der Snake Park (Schlangenpark) gegen\u00fcber dem Museum, in dem man Bekanntschaft mit fast allen ostafrikanischen Schlangenarten machen kann.<br \/>\nDer <a href=\"http:\/\/www.google.de\/#hl=de&#038;source=hp&#038;q=Nairobi+Nationalpark&#038;btnG=Google-Suche&#038;aq=f&#038;aqi=&#038;aql=&#038;oq=&#038;gs_rfai=&#038;fp=6c2bae86599a70ac\" target=\"_blank\" rel=\"noopener noreferrer\">Nairobi-Nationalpark<\/a> liegt nur 8 km au\u00dferhalb der Stadt. Der \u00e4lteste Nationalpark des Landes sieht noch heute wie auf alten Fotografien aus &#8211; urspr\u00fcngliches, welliges Weideland, auf dem au\u00dfer Elefanten alle ostafrikanischen Wildtiere der Ebene grasen. Das Hilton-Hotel organisiert Touren. Der Naivasha-See liegt eine Autostunde von der Hauptstadt entfernt. Die Aussicht von hier ist einmalig: Vogelfreunde kommen bei der gro\u00dfen Anzahl von V\u00f6geln und dem Artenreichtum auf ihre Kosten. Es bieten sich auch gute Gelegenheiten zum Felsenklettern.<\/p>\n<p><b>Nanyuki<\/b> ist eine kleine Stadt an der Westseite des Mount Kenya und einer der Ausgangspunkte f\u00fcr Bergsteiger. <b>Nakuru<\/b> liegt im Rift Valley, ca. 230 km westlich von Nairobi. Die gesch\u00e4ftige Stadt ist ein wichtiger Knotenpunkt der Region und die viertgr\u00f6\u00dfte Stadt, aber so staubig und trocken, dass Touristen meist nur auf der Durchreise hier kurz Halt machen. Sch\u00f6n ist der nahe gelegene <b>Nakuru-See-Nationalpark<\/b>, von dem gesagt wird, dass er einst 50% der rosa <b>Flamingos<\/b> der ganzen Welt beheimatete. In der N\u00e4he erhebt sich der <b>Menengai Crater<\/b>, ein erloschener Vulkan. 50 km n\u00f6rdlich von Nakuru erreicht man \u00fcber eine relativ gute Stra\u00dfe den <b>Baringo-See<\/b>. Er ist kleiner als der Nakuru-See, der Artenreichtum der Vogelwelt ist jedoch genauso eindrucksvoll. Auf der <b>Halbmondinsel <\/b> (Crescent Island) in der Mitte des Sees gibt es einen Zeltplatz und man kann Boote mieten.<\/p>\n<p><b>Kisumu<\/b> ist ein Handelszentrum am <b>Victoria-See<\/b>. Von hier aus kann man den <b>Mount-Elgon-Nationalpark<\/b> besuchen.<\/p>\n<p><b>Malindi<\/b> liegt 125 km n\u00f6rdlich von Mombasa und ist der \u00e4lteste Urlaubsort. Entlang der K\u00fcste liegen die Malindi- und <b>Watamu-Wasserschutzgebiete<\/b>, in denen man die Unterwasserwelt der Korallenriffe vom Glasbodenboot aus beobachten kann. Tauchen ist hier ebenfalls beliebt. In der N\u00e4he von Watamu, im <b>Gedi-Nationalpark<\/b>, liegt eine Ruinenstadt aus dem 13. Jahrhundert. Das kleine Dorf <b>Mambui<\/b>, n\u00f6rdlich von Malindi, ist ebenfalls einen Ausflug wert.<br \/>\nDie <b>Insel Lamu<\/b> liegt 200 km n\u00f6rdlich von Malindi und lockt mit feinsandigen Palmenstr\u00e4nden, an denen malerische Dhaus vorbeisegeln, und einer faszinierenden Inselstadt. Die engen Gassen sind nur mit Eseln oder Handwagen passierbar; auf der Insel ist kein motorisierter Verkehr gestattet. Bei einem Stadtbummel st\u00f6\u00dft man auf Basare, Moscheen und arabische H\u00e4user mit geschnitzten Holzt\u00fcren. In der Mwango Road steht auch ein Hindutempel. Angelfahrten auf Dhaus werden angeboten; mit den Bootseigent\u00fcmern kann man Tagesausfl\u00fcge zu den ca. 600 Jahre alten Ruinen auf den nahe gelegenen <b>Inseln Pate<\/b> und <b>Manda<\/b> machen.<br \/>\nVor der K\u00fcste s\u00fcdlich von Mombasa liegt ein Korallenriff, hier gibt es sch\u00f6ne und gesch\u00fctzte Str\u00e4nde. Zu den Touristenregionen geh\u00f6ren <b>Likoni, Tiwi und Diani Beach<\/b>.<br \/>\nAn der K\u00fcste n\u00f6rdlich von Mombasa liegen die Urlaubsorte <b>Bamburi, Watamu und Casuarina Beach<\/b>. Auch hier gibt es herrliche Str\u00e4nde. Streckenweise wurden gro\u00dfe Hotelkomplexe errichtet.<\/p>\n<p>Der Artenreichtum der Tier- und Pflanzenwelt hat die Nationalparks in aller Welt ber\u00fchmt gemacht. Zehn Prozent der Fl\u00e4che des Landes besteht aus Nationalparks. In den 42 Parks sind alle verschiedenen Lebensr\u00e4ume vertreten von W\u00fcste \u00fcber Bergwald bis hin zu Wasserschutzgebieten am Indischen Ozean. Die Tourismuseinrichtungen wie Hotels sind au\u00dferordentlich gut. Es gibt zahlreiche organisierte Safaris, aber man kann auch Fahrzeuge und die entsprechende Ausr\u00fcstung mieten. Immer beliebter werden <b><a href=\"http:\/\/www.google.de\/#hl=de&#038;q=Kenia+Ballonfl%C3%BCge&#038;aq=&#038;aqi=&#038;aql=&#038;oq=Kenia+Ballonfl%C3%BCge&#038;gs_rfai=&#038;fp=6c2bae86599a70ac\">Ballonfl\u00fcge<\/a><\/b>, die die M\u00f6glichkeit bieten, die Wildtiere aus der Vogelperspektive zu beobachten; vor allem im <b>Masai-Mara-Nationalreservat<\/b> empfiehlt es sich, fr\u00fchzeitig zu buchen. Alle nachstehenden Nationalparks (ausgenommen Masai-Mara-Nationalreservat und Samburu-Wildpark) stehen unter der Verwaltung von Kenya Wildlife Service.<br \/>\nDer <b>Aberdare-Nationalpark<\/b> umfasst eine dicht bewaldete Bergkette und bis auf 4000 m H\u00f6he ansteigt. Hier leben Elefanten, Nash\u00f6rner, seltene Waldantilopen wie Bongo- und Dik-Dik-Antilopen, Leoparde, L\u00f6wen und verschiedene Affenarten. Die meisten Besucher ziehen es vor, das Wild von den beiden erh\u00f6hten <b>Lodges<\/b> aus zu beobachten, die eine bei Nacht beleuchtete Schneise \u00fcberblicken. Im Nebel der h\u00f6heren H\u00e4nge wachsen \u00fcppige Bergpflanzen. Es gibt zahlreiche Wasserf\u00e4lle, der gr\u00f6\u00dfte ist der 300 m hohe Guru-Wasserfall.<br \/>\nDer <b>Amboseli-Nationalpark<\/b> ist f\u00fcr Landesverh\u00e4ltnisse mit seinen knapp 400 qkm beinahe klein und liegt an der Grenze zu Tansania, 220 km von Nairobi entfernt. Die sch\u00f6ne Aussicht auf den schneebedeckten <b>Kilimanjaro, Afrikas h\u00f6chsten Berg<\/b>, zieht viele Besucher an. Der Park besteht aus Savannenlandschaft und Sumpfgebieten und ist vor allem f\u00fcr seine Elefantenpopulation bekannt. Au\u00dferdem gibt es an die 400 verschiedenen Vogel-, Amphibien- und Reptilienarten. Es werden unter anderem auch Vortr\u00e4ge angeboten, in denen man etwas \u00fcber die <b>Kultur der Massai<\/b> erfahren kann.<br \/>\nDas Masai-Mara-Nationalreservat liegt 390 km von Nairobi entfernt im \u00e4u\u00dfersten S\u00fcdwesten des Landes. Die weite Ebene, wird einmal im Jahr von riesigen Herden von Gnus, Zebras, Gazellen und Antilopen \u00fcberquert, die von der Serengeti des Nachbarstaates Tansania aus gen Norden ziehen. Die Tiere werden oft von L\u00f6wen, Geparden, Leoparden und Hy\u00e4nen verfolgt. Ersch\u00f6pft sammeln sie sich an einer Stelle des Mara-Flusses, wo sie in langen Reihen auf die \u00dcberquerung warten. Das Schauspiel kann am besten von einem der drei Hei\u00dfluftballons aus beobachtet werden, die vom <b>Governor&#8217;s Camp<\/b> aus aufsteigen. Es gibt 13 Buschlager und zwei Lodges (Mara Serena Lodge und Keekorok Lodge) im Reservat. <b>Grosvenor&#8217;s Camp<\/b> verf\u00fcgt \u00fcber eine Landebahn und geh\u00f6rt zu den am besten ausgestatteten Camps. Am Steilhang au\u00dferhalb des Reservats befindet sich ein <b>Luxushotel<\/b> mit guter Aussicht auf die Ebene.<br \/>\nDer <b>Meru-Nationalpark<\/b>, 280 km von Nairobi entfernt, erstreckt sich \u00fcber eine Fl\u00e4che von 870 qkm. Hier leben Elefanten, Nilpferde, Giraffen, Zebras, Gazellen, Kudus und Oryx-Antilopen. Au\u00dferdem beheimatet er \u00fcber 300 Vogelarten. Dieser Park ist einer der wilderen und urspr\u00fcnglicheren Naturschutzgebiete.<br \/>\nDer \u00c4quator f\u00fchrt durch den 600 qkm gro\u00dfen Mount-Kenya-Nationalpark, der aus Wald, nacktem Fels und Schneefeldern auf den Berggipfeln besteht. Das Schutzgebiet beginnt in 1800 m H\u00f6he und steigt auf \u00fcber 5000 m an. Der Aufstieg ist sehr sch\u00f6n, professionelle Ausr\u00fcstung ist nicht erforderlich; man sollte sich jedoch gen\u00fcgend Zeit nehmen, um H\u00f6henkrankheit zu vermeiden. Es ist ratsam, die Tour in Begleitung eines F\u00fchrers anzutreten. Unterwegs kann man in Bergh\u00fctten \u00fcbernachten. Warme Kleidung, einen Schlafsack und Nahrungsmittel muss man selbst mitbringen. Der Berg ist einer der letzten Jagdgr\u00fcnde des schwarzen Leoparden und der Lebensraum des seltenen schwarz-wei\u00dfen Colobus-Affen.<\/p>\n<p><b>Samburu-Wildpark<\/b> dieser w\u00fcsten\u00e4hnliche Park liegt zwischen Nairobi und dem Turkana-See. Hier kann man die seltenen Oryx-Antilopen, Gerenuks, netzf\u00f6rmig gemusterte Giraffen und Grevys-Zebras sehen. Strau\u00dfe und Elefanten sind in der freien Wildbahn leicht zu ersichten. In der Samburu Lodge und der River Lodge im Nationalpark k\u00f6nnen Besucher von der Bar aus durch K\u00f6der angelockte Leoparden beobachten.<br \/>\nDer <b>Tsavo-Nationalpark<\/b> besteht aus einem Ost- und einem Westteil und ist mit insgesamt 21.000 qkm der gr\u00f6\u00dfte Park. Der gr\u00f6\u00dfte Teil des Landes ist offene Savanne und Buschland, das von Elefanten, B\u00fcffeln, L\u00f6wen, Antilopen, Gazellen, Giraffen und Zebras bev\u00f6lkert ist. Bei Mzima Springs im Westen des Parks kann man Krokodile und Flusspferde sehen.<br \/>\nAm Turkana-See im Norden Kenias liegen mehrere Naturschutzgebiete. In diesem See, der sich mehrere hundert Kilometer durch weitgehend unbewohnte W\u00fcste erstreckt, gibt es einige nur hier vorkommende Fischarten und Wasserpflanzen. Manche Urlauber kommen vor allem zum Fischen hierher. Am Ostufer hat man f\u00fcr Angeltouristen mehrere Lodges errichtet. Trotz des unwirtlichen Klimas trifft man hier viele der bekannteren Tierarten an. Im See liegen zwei gro\u00dfe vulkanische Inseln. Der mit Wasser gef\u00fcllte Krater der s\u00fcdlichen Insel beheimatet au\u00dfergew\u00f6hnlich gro\u00dfe Krokodile.<\/p>\n<p><\/center>\n<\/div>\n<\/div>\n","protected":false},"excerpt":{"rendered":"<p>Pauschalreise Kenia Urlaub g\u00fcnstig buchen Angebote mit Flug Buchungsmaske g\u00fcnstige Reiseangebote Kenia Eigene Anreise Ihr Browser kann leider keine eingebetteten Frames anzeigen: Sie k&ouml;nnen die eingebettete Seite &uuml;ber den folgenden Verweis aufrufen: Pauschalhotel Hotelsuche Charterflug Ihr Browser kann leider keine &hellip; <a href=\"https:\/\/reisen-travel.com\/reise-angebote\/pauschalreisen\/afrika\/urlaub-kenia-hotels-guenstig-buchen\/\">Weiterlesen <span class=\"meta-nav\">&rarr;<\/span><\/a><\/p>\n","protected":false},"author":1,"featured_media":0,"parent":287,"menu_order":0,"comment_status":"closed","ping_status":"open","template":"","meta":{"footnotes":""},"class_list":["post-3240","page","type-page","status-publish","hentry"],"_links":{"self":[{"href":"https:\/\/reisen-travel.com\/reise-angebote\/wp-json\/wp\/v2\/pages\/3240","targetHints":{"allow":["GET"]}}],"collection":[{"href":"https:\/\/reisen-travel.com\/reise-angebote\/wp-json\/wp\/v2\/pages"}],"about":[{"href":"https:\/\/reisen-travel.com\/reise-angebote\/wp-json\/wp\/v2\/types\/page"}],"author":[{"embeddable":true,"href":"https:\/\/reisen-travel.com\/reise-angebote\/wp-json\/wp\/v2\/users\/1"}],"replies":[{"embeddable":true,"href":"https:\/\/reisen-travel.com\/reise-angebote\/wp-json\/wp\/v2\/comments?post=3240"}],"version-history":[{"count":35,"href":"https:\/\/reisen-travel.com\/reise-angebote\/wp-json\/wp\/v2\/pages\/3240\/revisions"}],"predecessor-version":[{"id":12146,"href":"https:\/\/reisen-travel.com\/reise-angebote\/wp-json\/wp\/v2\/pages\/3240\/revisions\/12146"}],"up":[{"embeddable":true,"href":"https:\/\/reisen-travel.com\/reise-angebote\/wp-json\/wp\/v2\/pages\/287"}],"wp:attachment":[{"href":"https:\/\/reisen-travel.com\/reise-angebote\/wp-json\/wp\/v2\/media?parent=3240"}],"curies":[{"name":"wp","href":"https:\/\/api.w.org\/{rel}","templated":true}]}}