{"id":2,"date":"2011-10-15T15:33:07","date_gmt":"2011-10-15T13:33:07","guid":{"rendered":"https:\/\/reisen-travel.com\/reise-angebote\/?page_id=2"},"modified":"2025-12-09T06:14:26","modified_gmt":"2025-12-09T04:14:26","slug":"pauschalreisen","status":"publish","type":"page","link":"https:\/\/reisen-travel.com\/reise-angebote\/pauschalreisen\/","title":{"rendered":"Pauschalreisen"},"content":{"rendered":"<h3>Pauschalreisen g\u00fcnstig buchen im Preisvergleich<\/h3>\n<p><tbe page=\"region\" param-pid=\"A-29203-0\" param-cntry=\"\" param-rgn=\"\" param-ddate=\"3\" param-rdate=\"150\" param-dur=\"7\" param-ngn=\"package\"><\/p>\n<div class=\"tbe-loading\"><\/div>\n<p><\/tbe><\/p>\n<p><center><\/p>\n<h5>Finden Sie g\u00fcnstige Pauschalreisen Reiseangebote f\u00fcr Ihren Urlaub im 1 2 3 4 5 Sterne Hotels mit Fr\u00fchst\u00fcck Halbpension All-inclusive Hotel Pauschalurlaub an den sch\u00f6nsten Urlaubsorten Weltweit aller Reiseveranstalter.<\/h5>\n<p><\/center><\/p>\n<div class=\"tabber\">\n<div class=\"tabbertab\">\n<h3>Info<\/h3>\n<a href=\"https:\/\/reisen-travel.com\/reise-angebote\/pauschalreisen\/deutschland\/\" class=\"su-button su-button-style-3d\" style=\"color:#FFFFFF;background-color:#2fb4c5;border-color:#26909e;border-radius:5px\" target=\"_self\"><span style=\"color:#FFFFFF;padding:0px 16px;font-size:13px;line-height:26px;border-color:#6ecbd7;border-radius:5px;text-shadow:none\"> Deutschland<\/span><\/a> <a href=\"https:\/\/reisen-travel.com\/reise-angebote\/pauschalreisen\/deutschland\/ostsee\/\" class=\"su-button su-button-style-3d\" style=\"color:#FFFFFF;background-color:#f67b46;border-color:#c56338;border-radius:5px\" target=\"_self\"><span style=\"color:#FFFFFF;padding:0px 16px;font-size:13px;line-height:26px;border-color:#f9a37e;border-radius:5px;text-shadow:none\"> Ostsee<\/span><\/a> <a href=\"https:\/\/reisen-travel.com\/reise-angebote\/pauschalreisen\/deutschland\/bayerischen-wald\/\" class=\"su-button su-button-style-3d\" style=\"color:#FFFFFF;background-color:#2fb4c5;border-color:#26909e;border-radius:5px\" target=\"_self\"><span style=\"color:#FFFFFF;padding:0px 16px;font-size:13px;line-height:26px;border-color:#6ecbd7;border-radius:5px;text-shadow:none\"> Bayerischen Wald<\/span><\/a> <a href=\"https:\/\/reisen-travel.com\/reise-angebote\/pauschalreisen\/deutschland\/berlin\/\" class=\"su-button su-button-style-3d\" style=\"color:#FFFFFF;background-color:#f67b46;border-color:#c56338;border-radius:5px\" target=\"_self\"><span style=\"color:#FFFFFF;padding:0px 16px;font-size:13px;line-height:26px;border-color:#f9a37e;border-radius:5px;text-shadow:none\"> Berlin<\/span><\/a> <a href=\"https:\/\/reisen-travel.com\/reise-angebote\/pauschalreisen\/deutschland\/nordsee\/\" class=\"su-button su-button-style-3d\" style=\"color:#FFFFFF;background-color:#2fb4c5;border-color:#26909e;border-radius:5px\" target=\"_self\"><span style=\"color:#FFFFFF;padding:0px 16px;font-size:13px;line-height:26px;border-color:#6ecbd7;border-radius:5px;text-shadow:none\"> Nordsee<\/span><\/a> <a href=\"https:\/\/reisen-travel.com\/reise-angebote\/pauschalreisen\/deutschland\/hamburg\/\" class=\"su-button su-button-style-3d\" style=\"color:#FFFFFF;background-color:#f67b46;border-color:#c56338;border-radius:5px\" target=\"_self\"><span style=\"color:#FFFFFF;padding:0px 16px;font-size:13px;line-height:26px;border-color:#f9a37e;border-radius:5px;text-shadow:none\"> Hamburg<\/span><\/a> <a href=\"https:\/\/reisen-travel.com\/reise-angebote\/pauschalreisen\/deutschland\/frankfurt\/\" class=\"su-button su-button-style-3d\" style=\"color:#FFFFFF;background-color:#2fb4c5;border-color:#26909e;border-radius:5px\" target=\"_self\"><span style=\"color:#FFFFFF;padding:0px 16px;font-size:13px;line-height:26px;border-color:#6ecbd7;border-radius:5px;text-shadow:none\"> Frankfurt<\/span><\/a> <a href=\"https:\/\/reisen-travel.com\/reise-angebote\/pauschalreisen\/deutschland\/muenchen\/\" class=\"su-button su-button-style-3d\" style=\"color:#FFFFFF;background-color:#f67b46;border-color:#c56338;border-radius:5px\" target=\"_self\"><span style=\"color:#FFFFFF;padding:0px 16px;font-size:13px;line-height:26px;border-color:#f9a37e;border-radius:5px;text-shadow:none\"> M\u00fcnchen<\/span><\/a> <a href=\"https:\/\/reisen-travel.com\/reise-angebote\/pauschalreisen\/deutschland\/koeln\/\" class=\"su-button su-button-style-3d\" style=\"color:#FFFFFF;background-color:#2fb4c5;border-color:#26909e;border-radius:5px\" target=\"_self\"><span style=\"color:#FFFFFF;padding:0px 16px;font-size:13px;line-height:26px;border-color:#6ecbd7;border-radius:5px;text-shadow:none\"> K\u00f6ln<\/span><\/a> <a href=\"https:\/\/reisen-travel.com\/reise-angebote\/pauschalreisen\/deutschland\/leipzig\/\" class=\"su-button su-button-style-3d\" style=\"color:#FFFFFF;background-color:#f67b46;border-color:#c56338;border-radius:5px\" target=\"_self\"><span style=\"color:#FFFFFF;padding:0px 16px;font-size:13px;line-height:26px;border-color:#f9a37e;border-radius:5px;text-shadow:none\"> Leipzig<\/span><\/a> <a href=\"https:\/\/reisen-travel.com\/reise-angebote\/pauschalreisen\/deutschland\/dresden\/\" class=\"su-button su-button-style-3d\" style=\"color:#FFFFFF;background-color:#2fb4c5;border-color:#26909e;border-radius:5px\" target=\"_self\"><span style=\"color:#FFFFFF;padding:0px 16px;font-size:13px;line-height:26px;border-color:#6ecbd7;border-radius:5px;text-shadow:none\"> Dresden<\/span><\/a> <a href=\"https:\/\/reisen-travel.com\/reise-angebote\/pauschalreisen\/deutschland\/bremen\/\" class=\"su-button su-button-style-3d\" style=\"color:#FFFFFF;background-color:#f67b46;border-color:#c56338;border-radius:5px\" target=\"_self\"><span style=\"color:#FFFFFF;padding:0px 16px;font-size:13px;line-height:26px;border-color:#f9a37e;border-radius:5px;text-shadow:none\"> Bremen<\/span><\/a> <a href=\"https:\/\/reisen-travel.com\/reise-angebote\/pauschalreisen\/deutschland\/nuernberg\/\" class=\"su-button su-button-style-3d\" style=\"color:#FFFFFF;background-color:#2fb4c5;border-color:#26909e;border-radius:5px\" target=\"_self\"><span style=\"color:#FFFFFF;padding:0px 16px;font-size:13px;line-height:26px;border-color:#6ecbd7;border-radius:5px;text-shadow:none\"> N\u00fcrnberg<\/span><\/a> <a href=\"https:\/\/reisen-travel.com\/reise-angebote\/pauschalreisen\/deutschland\/rostock\/\" class=\"su-button su-button-style-3d\" style=\"color:#FFFFFF;background-color:#f67b46;border-color:#c56338;border-radius:5px\" target=\"_self\"><span style=\"color:#FFFFFF;padding:0px 16px;font-size:13px;line-height:26px;border-color:#f9a37e;border-radius:5px;text-shadow:none\"> Rostock<\/span><\/a> <a href=\"https:\/\/reisen-travel.com\/reise-angebote\/pauschalreisen\/deutschland\/stuttgart\/\" class=\"su-button su-button-style-3d\" style=\"color:#FFFFFF;background-color:#2fb4c5;border-color:#26909e;border-radius:5px\" target=\"_self\"><span style=\"color:#FFFFFF;padding:0px 16px;font-size:13px;line-height:26px;border-color:#6ecbd7;border-radius:5px;text-shadow:none\"> Stuttgart<\/span><\/a> <a href=\"https:\/\/reisen-travel.com\/reise-angebote\/pauschalreisen\/deutschland\/duesseldorf\/\" class=\"su-button su-button-style-3d\" style=\"color:#FFFFFF;background-color:#f67b46;border-color:#c56338;border-radius:5px\" target=\"_self\"><span style=\"color:#FFFFFF;padding:0px 16px;font-size:13px;line-height:26px;border-color:#f9a37e;border-radius:5px;text-shadow:none\"> D\u00fcsseldorf<\/span><\/a> <a href=\"https:\/\/reisen-travel.com\/reise-angebote\/pauschalreisen\/deutschland\/hannover\/\" class=\"su-button su-button-style-3d\" style=\"color:#FFFFFF;background-color:#2fb4c5;border-color:#26909e;border-radius:5px\" target=\"_self\"><span style=\"color:#FFFFFF;padding:0px 16px;font-size:13px;line-height:26px;border-color:#6ecbd7;border-radius:5px;text-shadow:none\"> Hannover<\/span><\/a> <a href=\"https:\/\/reisen-travel.com\/reise-angebote\/pauschalreisen\/deutschland\/frankfurt-hahn\/\" class=\"su-button su-button-style-3d\" style=\"color:#FFFFFF;background-color:#f67b46;border-color:#c56338;border-radius:5px\" target=\"_self\"><span style=\"color:#FFFFFF;padding:0px 16px;font-size:13px;line-height:26px;border-color:#f9a37e;border-radius:5px;text-shadow:none\"> Frankfurt-Hahn<\/span><\/a> <a href=\"https:\/\/reisen-travel.com\/reise-angebote\/pauschalreisen\/deutschland\/karlsruhe\/\" class=\"su-button su-button-style-3d\" style=\"color:#FFFFFF;background-color:#2fb4c5;border-color:#26909e;border-radius:5px\" target=\"_self\"><span style=\"color:#FFFFFF;padding:0px 16px;font-size:13px;line-height:26px;border-color:#6ecbd7;border-radius:5px;text-shadow:none\"> Karlsruhe<\/span><\/a> <a href=\"https:\/\/reisen-travel.com\/reise-angebote\/pauschalreisen\/deutschland\/saarbruecken\/\" class=\"su-button su-button-style-3d\" style=\"color:#FFFFFF;background-color:#f67b46;border-color:#c56338;border-radius:5px\" target=\"_self\"><span style=\"color:#FFFFFF;padding:0px 16px;font-size:13px;line-height:26px;border-color:#f9a37e;border-radius:5px;text-shadow:none\"> Saarbr\u00fccken<\/span><\/a> <a href=\"https:\/\/reisen-travel.com\/reise-angebote\/pauschalreisen\/deutschland\/zweibruecken\/\" class=\"su-button su-button-style-3d\" style=\"color:#FFFFFF;background-color:#2fb4c5;border-color:#26909e;border-radius:5px\" target=\"_self\"><span style=\"color:#FFFFFF;padding:0px 16px;font-size:13px;line-height:26px;border-color:#6ecbd7;border-radius:5px;text-shadow:none\"> Zweibr\u00fccken<\/span><\/a> <a href=\"https:\/\/reisen-travel.com\/reise-angebote\/pauschalreisen\/deutschland\/erfurt\/\" class=\"su-button su-button-style-3d\" style=\"color:#FFFFFF;background-color:#f67b46;border-color:#c56338;border-radius:5px\" target=\"_self\"><span style=\"color:#FFFFFF;padding:0px 16px;font-size:13px;line-height:26px;border-color:#f9a37e;border-radius:5px;text-shadow:none\"> Erfurt<\/span><\/a> <a href=\"https:\/\/reisen-travel.com\/reise-angebote\/pauschalreisen\/deutschland\/weeze\/\" class=\"su-button su-button-style-3d\" style=\"color:#FFFFFF;background-color:#2fb4c5;border-color:#26909e;border-radius:5px\" target=\"_self\"><span style=\"color:#FFFFFF;padding:0px 16px;font-size:13px;line-height:26px;border-color:#6ecbd7;border-radius:5px;text-shadow:none\"> Weeze<\/span><\/a> <a href=\"https:\/\/reisen-travel.com\/reise-angebote\/pauschalreisen\/deutschland\/memmingen\/\" class=\"su-button su-button-style-3d\" style=\"color:#FFFFFF;background-color:#f67b46;border-color:#c56338;border-radius:5px\" target=\"_self\"><span style=\"color:#FFFFFF;padding:0px 16px;font-size:13px;line-height:26px;border-color:#f9a37e;border-radius:5px;text-shadow:none\"> Memmingen<\/span><\/a>\n<strong><br \/>\nWarum sollte man eine Pauschalreise buchen?<\/strong><br \/>\n<em>Eine Pauschalreise bietet viele Vorteile: Sie k\u00f6nnen eine Rundum-Sorglos-Reise genie\u00dfen, alles ist schon vorab gebucht und organisiert \u2013 von der Unterkunft \u00fcber die Verpflegung bis zu den Ausfl\u00fcgen. Daher ist sie oft eine g\u00fcnstige und bequeme Art zu reisen. Sie k\u00f6nnen sich auf die sch\u00f6nen Seiten der Reise konzentrieren, ohne sich Gedanken \u00fcber die Planung zu machen.<\/em><\/p>\n<\/div>\n<div class=\"tabbertab\">\n<h3>Wetter<\/h3>\n<table border=\"0\">\n<tr>\n<th align=\"left\" valign=\"top\" width=\"200\" height=\"75\">\n<a href=\"https:\/\/www.weatheronline.co.uk\/cgi-bin\/homecif?WMO=10384&#038;L=en&#038;WIDTH=180&#038;HEIGHT=150&#038;CLOUD=1&#038;V=2\" target=\"Angebote\" id=\"myfavorite\" rel=\"noopener noreferrer\"><\/p>\n<h4>Wetter<\/h4>\n<p><\/a><\/p>\n<hr \/>\n<p><br clear=all><\/p>\n<\/th>\n<th align=\"center\" valign=\"top\" width=\"200\"> <center><\/p>\n<h5>Wettervorhersage<\/h5>\n<p><\/center><\/p>\n<p><iframe loading=\"lazy\" frameborder=\"0\" width=\"300\" height=\"300\" src=\"https:\/\/www.weatheronline.co.uk\/cgi-bin\/homecif?WMO=10384&#038;L=en&#038;WIDTH=180&#038;HEIGHT=150&#038;CLOUD=1&#038;V=2\" name=\"Angebote\" scrolling=\"auto\"><\/iframe>\n<\/th>\n<th align=\"right\"  valign=\"top\" width=\"0\"><\/th>\n<\/tr>\n<\/tr>\n<\/table>\n<\/div>\n<div class=\"tabbertab\">\n<h3>Karte<\/h3>\n<div class=\"su-gmap su-u-responsive-media-yes\"><iframe loading=\"lazy\" width=\"600\" height=\"400\" src=\"\/\/maps.google.com\/maps?q=Europa&amp;output=embed\" title=\"\"><\/iframe><\/div>\n<p><font size=\"1\" color=\"#f4eeee\"><br \/>\n<marquee><b>Angebote: 1 Tag, 2 Tage, 3 Tage, 4 Tage, 5 Tage, 6 Tage, 7 Tage, 8 Tage, 9 Tage, 10 Tage, 11 Tage, 12 Tage, 13 Tage, 14 Tage, 15 Tage, 16 Tage, 17 Tage, 18 Tage, 19 Tage, 20 Tage, 21 Tage, 1 Woche, 2 Wochen, 3 Wochen, 4 Wochen, Reiseangebote unter 100 unter 200 unter 300 unter 400 unter 500 Euro 600 unter 700 unter 800, 900, 1000, 1100, bis 1200, bis 1300, bis 1400, bis 1500, bis 1600, bis 1700, bis 1800, bis 1900, bis 2000, bis 2100, bis 2200, bis 2300, bis 2400, bis 2500, bis 2600, bis 2700, bis 2800 Pro Person <\/b><\/marquee><\/font> <\/p>\n<\/p>\n<p><\/p>\n<p>T\u00fcrkei Mallorca PMI Spanien Bulgarien Kroatien Italien Portugal \u00d6sterreich Schweiz Deutschland <strong>Pauschalreise Preisvergleich<\/strong><\/p>\n<p> <span onmouseover=\"_tipon(this)\" onmouseout=\"_tipoff()\"><span class=\"fly-src-text\" style=\"direction: ltr; text-align: left\"> <marquee behavior=scroll direction=left><a href = \"https:\/\/reisen-travel.com\/reise-angebote\/\"> T\u00fcrkei Mallorca PMI Afghanistan AF \u00c4gyptenEG Albanien AL Algerien DZ Andorra AD Angola AO Anguilla AI Antarktis AQ Antigua  und Barbuda AG \u00c4quatorial GuineaGQ Argentinien AR Armenien AM Aruba AW Aserbaidschan AZ \u00c4thiopien ET Australien AU Bahamas BS Bahrain BH Bangladesh BD Barbados BB Belgien BE Belize BZ Benin BJ Bermudas BM Bhutan BT Birma MM Bolivien BO Bosnien-Herzegowina BA Botswana BW Bouvet Inseln BV Brasilien BR Britisch-Indischer Ozean IO Brunei BN Bulgarien BG Burkina Faso BF Burundi BI Chile CL China CN Christmas Island CX Cook Inseln CK Costa Rica CR D\u00e4nemark DK Deutschland DE Djibuti DJ Dominika DM Dominikanische Republik DO Ecuador EC El Salvador SV Elfenbeink\u00fcste CI Eritrea ER Estland EE Falkland Inseln FK F\u00e4r\u00f6er Inseln FO Fidschi FJ Finnland FI Frankreich FR ranz\u00f6sisch Guyana GF Franz\u00f6sisch Polynesien PF Franz\u00f6sisches S\u00fcd-Territorium TF Gabun GA Gambia GM Georgien GE Ghana GH Gibraltar GI Grenada GD Griechenland GR Gr\u00f6nland GL Gro\u00dfbritannien (UK) GB Guadeloupe GP Guam GU Guatemala GT Guinea GN Guinea Bissau GW Guyana GY Haiti HT Heard und McDonald Islands HM Honduras HN Hong Kong HK Indien IN Indonesien ID Irak IQ Iran IR Irland IE Island IS Israel IL Italien IT Jamaika JM Japan JP Jemen YE Jordanien JO Jugoslawien YU Kaiman Inseln KY Kambodscha KH Kamerun CM KanadaCA Kap Verde CV Kasachstan KZ Kenia KE Kirgisistan KG Kiribati KI Kokosinseln CC Kolumbien CO Komoren KM Kongo CG Kongo Demokratische Republik CD Kroatien HR Kuba CU Kuwait KW Laos LA Lesotho LS Lettland LV Libanon LB Liberia LR Libyen LY Liechtenstein LI Litauen LT Luxemburg LU Macao MO Madagaskar MG Malawi MW Malaysia MY Malediven MV Mali ML Malta MT Marianen MP Marokko MA Marshall Inseln MH Martinique MQ Mauretanien MR Mauritius MU Mayotte YT Mazedonien MK Mexiko MX Mikronesien FM Mocambique MZ Moldavien MD Monaco MC Mongolei MN Montserrat MS Namibia NA Nauru NR Nepal NP Neukaledonien NC NeuseelandNZ Nicaragua NI Niederlande NL Niederl\u00e4ndische Antillen AN Niger NE Nigeria NG Niue NU Nord Korea KP Norfolk Inseln NF Norwegen NO Oman OM \u00d6sterreich AT Pakistan PK Pal\u00e4stina PS Palau PW Panama PA Papua Neuguinea PG Paraguay PY Peru PE Philippinen PH Pitcairn PN Polen PL Portugal PT Puerto Rico PR Qatar QA Reunion RE Ruanda RW Rum\u00e4nien RO Ru\u00dfland RU Saint Lucia LC Sambia ZM Samoa AS Samoa WS San Marino SM Sao Tome ST Saudi Arabien SA Schweden SE Schweiz CH Senegal SN Seychellen SC Sierra Leone SL Singapur SG Slowakei -slowakische Republik SK Slowenien SI Solomon Inseln SB Somalia SO South Georgia, South Sandwich Isl. GS Spanien ES Sri Lanka LK St. Helena SH St. Pierre und Miquelon PM St. Vincent VC S\u00fcd Korea KR S\u00fcdafrika A Sudan SD Surinam SR Svalbard und Jan Mayen Islands SJ Swasiland SZ Syrien SY Tadschikistan TJ Taiwan TW Tansania TZ Thailand TH Timor TP Togo TG Tokelau TK Tonga TO Trinidad TobagoTT Tschad TD Tschechische Republik CZ Tunesien TN T\u00fcrkei TR Turkmenistan TM Turks und Kaikos Inseln TC Tuvalu TV Uganda UG Ukraine UA Ungarn HU Uruguay UY Usbekistan UZ Vanuatu VU Vatikan VA Venezuela VE Vereinigte Arabische Emirate AE Vereinigte Staaten von Amerika US Vietnam VN Virgin Island (Brit.) VG Virgin Island (USA) VI Wallis et Futuna WF Wei\u00dfru\u00dfland BY Westsahara EH Zentralafrikanische Republik CF Zimbabwe ZW Zypern CY<\/ a><\/marquee> <\/p>\n<p style=\"font-size:10px;\"><\/span> <\/p>\n<\/div>\n<\/div>\n","protected":false},"excerpt":{"rendered":"<p>Pauschalreisen g\u00fcnstig buchen im Preisvergleich Finden Sie g\u00fcnstige Pauschalreisen Reiseangebote f\u00fcr Ihren Urlaub im 1 2 3 4 5 Sterne Hotels mit Fr\u00fchst\u00fcck Halbpension All-inclusive Hotel Pauschalurlaub an den sch\u00f6nsten Urlaubsorten Weltweit aller Reiseveranstalter. Info Warum sollte man eine Pauschalreise &hellip; <a href=\"https:\/\/reisen-travel.com\/reise-angebote\/pauschalreisen\/\">Weiterlesen <span class=\"meta-nav\">&rarr;<\/span><\/a><\/p>\n","protected":false},"author":1,"featured_media":0,"parent":0,"menu_order":2,"comment_status":"closed","ping_status":"open","template":"","meta":{"footnotes":""},"class_list":["post-2","page","type-page","status-publish","hentry"],"_links":{"self":[{"href":"https:\/\/reisen-travel.com\/reise-angebote\/wp-json\/wp\/v2\/pages\/2","targetHints":{"allow":["GET"]}}],"collection":[{"href":"https:\/\/reisen-travel.com\/reise-angebote\/wp-json\/wp\/v2\/pages"}],"about":[{"href":"https:\/\/reisen-travel.com\/reise-angebote\/wp-json\/wp\/v2\/types\/page"}],"author":[{"embeddable":true,"href":"https:\/\/reisen-travel.com\/reise-angebote\/wp-json\/wp\/v2\/users\/1"}],"replies":[{"embeddable":true,"href":"https:\/\/reisen-travel.com\/reise-angebote\/wp-json\/wp\/v2\/comments?post=2"}],"version-history":[{"count":45,"href":"https:\/\/reisen-travel.com\/reise-angebote\/wp-json\/wp\/v2\/pages\/2\/revisions"}],"predecessor-version":[{"id":11777,"href":"https:\/\/reisen-travel.com\/reise-angebote\/wp-json\/wp\/v2\/pages\/2\/revisions\/11777"}],"wp:attachment":[{"href":"https:\/\/reisen-travel.com\/reise-angebote\/wp-json\/wp\/v2\/media?parent=2"}],"curies":[{"name":"wp","href":"https:\/\/api.w.org\/{rel}","templated":true}]}}