{"id":1201,"date":"2010-02-24T23:44:19","date_gmt":"2010-02-24T21:44:19","guid":{"rendered":"https:\/\/reisen-travel.com\/reise-angebote\/?page_id=1201"},"modified":"2023-04-20T03:09:21","modified_gmt":"2023-04-20T01:09:21","slug":"insel-mallorca-hotels-urlaub","status":"publish","type":"page","link":"https:\/\/reisen-travel.com\/reise-angebote\/pauschalreisen\/balearen\/insel-mallorca-hotels-urlaub\/","title":{"rendered":"Mallorca"},"content":{"rendered":"<h3>Pauschalreise Mallorca Urlaub g\u00fcnstig buchen<\/h3>\n<div class=\"tabber\">\n<div class=\"tabbertab\">\n<h3>Pauschalngebote mit Flug<\/h3>\n<p><tbe page=\"hotel\" param-pid=\"A-29203-0\" param-cntry=\"1001\" param-rgn=\"1002\" param-ddate=\"3\" param-rdate=\"150\" param-dur=\"4,5\" param-ngn=\"package\"><\/p>\n<div class=\"tbe-loading\"><\/div>\n<p><\/tbe>\n<\/div>\n<div class=\"tabbertab\">\n<h3>Eigene Anreise<\/h3>\n<p><iframe loading=\"lazy\" id=\"tbeIFrame\" src=\"https:\/\/tbe.travelsystem.de\/index.html#\/hotel?ngn=hotel&#038;pid=A-29203-0&#038;cntry=1001&#038;rgn=1002&#038;cty=&#038;giata=&#038;iff=&#038;ddate=3&#038;rdate=150\" width=\"100%\" height=\"6000\" name=\"Pauschalhotelpmi\"><\/p>\n<p>Ihr Browser kann leider keine eingebetteten Frames anzeigen:<br \/>\n  Sie k&ouml;nnen die eingebettete Seite &uuml;ber den folgenden Verweis<br \/>\n  aufrufen: <a href=\"https:\/\/tbe.travelsystem.de\/index.html#\/hotel?ngn=hotel&#038;pid=A-29203-0&#038;cntry=1001&#038;rgn=1002&#038;cty=&#038;giata=&#038;iff=&#038;ddate=3&#038;rdate=150\">Pauschalhotel<\/a><br \/>\n<\/iframe>\n<\/div>\n<div class=\"tabbertab\">\n<h3>Hotelsuche<\/h3>\n<div\n  data-skyscanner-widget=\"HotelSearchWidget\"\n  data-locale=\"de-DE\"\n  data-market=\"DE\"\n  data-currency=\"EUR\"\n  data-media-partner-id=\"2891447\"\n  data-powered-by-logo-colour=\"light\"\n><\/div>\n<p><script src=\"https:\/\/widgets.skyscanner.net\/widget-server\/js\/loader.js\" async><\/script>\n<\/div>\n<div class=\"tabbertab\">\n<h3>Charterflug<\/h3>\n<p><iframe loading=\"lazy\" id=\"tbeIFrame\" src=\"https:\/\/tbe.travelsystem.de\/index.html#\/offer?ngn=flight&#038;pid=A-29203-0&#038;cntry=1001&#038;rgn=1002&#038;cty=&#038;prtr=&#038;ddate=3&#038;rdate=180&#038;dur=7&#038;giata=&#038;iff=\" width=\"100%\" height=\"4500\"><\/iframe><br \/>\n<strong>Charterflug<\/strong>\n<\/div>\n<div class=\"tabbertab\">\n<h3>Flugticket<\/h3>\nOnly admnistrator owned posts can execute the <code>[includeme]<\/code> shortcode. <strong>This message is shown only to administrators<\/strong>.<\/div>\n<\/div>\n<div class=\"tabber\">\n<div class=\"tabbertab\">\n<h3>Info<\/h3>\n<p><b>Information zur Online Reise Buchung<\/b><br \/>\ndas geht ganz einfach, geben Sie Ihre gew\u00fcnschten Reisedaten in die Suchmaske ein, wie viele Personen, Abflug, R\u00fcckflug, wie viel Tage, Abflughafen, alle Regionen anklicken und unten in der Suchmaske Ihren Reisezielort klicken und es werden Ihnen die verschiedenen Reisepreise der verschiedenen Reiseveranstalter angezeigt jetzt gew\u00fcnschtes Abflugdatum klicken und Ihre pers\u00f6nlichen Daten eintragen gew\u00fcnschte Zahlungsart evtl. noch eine Reiser\u00fccktrittsversicherung dazu nehmen &#8211; AGB Ihr H\u00e4ckchen machen &#8211; jetzt Drucken anklicken &#8211; Reise anmelden buchen klicken und fertig.<\/p>\n<p><font size=\"1\" color=\"#f4eeee\"><br \/>\n<marquee><b>Reiseangebote: 1 Tag, 2 Tage, 3 Tage, 4 Tage, 5 Tage, 6 Tage, 7 Tage, 8 Tage, 9 Tage, 10 Tage, 11 Tage, 12 Tage, 13 Tage, 14 Tage, 15 Tage, 16 Tage, 17 Tage, 18 Tage, 19 Tage, 20 Tage, 21 Tage, 1 Woche, 2 Wochen, 3 Wochen, 4 Wochen, Sterne, Hotels, Reisen unter 100 unter 200 unter 300 unter 400 unter 500 Euro 600 unter 700 unter 800, 900, 1000, 1100, bis 1200, bis 1300, bis 1400, bis 1500, bis 1600, bis 1700, bis 1800, bis 1900, bis 2000, bis 2100, bis 2200, bis 2300, bis 2400, bis 2500, bis 2600, bis 2700 Pro Person <\/b><\/marquee><\/font> <\/p>\n<\/p><\/div>\n<div class=\"tabbertab\">\n<h3>Wetter<\/h3>\n<table border=\"0\">\n<tr>\n<th align=\"left\" valign=\"top\" width=\"200\" height=\"75\">\n<a href=\"https:\/\/www.weatheronline.co.uk\/cgi-bin\/homecif?WMO=08306&#038;L=en&#038;WIDTH=145&#038;HEIGHT=130&#038;CLOUD=1&#038;V=2\" target=\"Angebote\" id=\"myfavorite\" rel=\"noopener noreferrer\"><\/p>\n<h4>Palma<\/h4>\n<p><\/a><\/p>\n<hr>\n<p><br clear=all><\/p>\n<\/th>\n<th align=\"center\" valign=\"top\" width=\"200\"> <center>Wettervorhersage<\/center><br \/>\n <br \/><iframe loading=\"lazy\" width=\"300\" height=\"300\" src=\"https:\/\/www.weatheronline.co.uk\/cgi-bin\/homecif?WMO=08306&#038;L=en&#038;WIDTH=145&#038;HEIGHT=130&#038;CLOUD=1&#038;V=2\" name=\"Angebote\" scrolling=\"auto\"><\/iframe>\n<\/th>\n<th align=\"right\"  valign=\"top\" width=\"0\"><\/th>\n<\/tr>\n<\/tr>\n<\/table>\n<\/div>\n<div class=\"tabbertab\">\n<h3>Karte<\/h3>\n<div class=\"su-gmap su-u-responsive-media-yes\"><iframe loading=\"lazy\" width=\"600\" height=\"400\" src=\"\/\/maps.google.com\/maps?q=Mallorca&amp;output=embed\" title=\"\"><\/iframe><\/div>\n<\/p><\/div>\n<div class=\"tabbertab\">\n<h3>Klima<\/h3>\n<p><\/p>\n<p><a href=\"https:\/\/reisen-travel.com\/reise-angebote\/wp-content\/uploads\/klima-tabelle-kenia.png\" title=\"Klimatabelle Seychellen\" rel=\"lightbox\"><img loading=\"lazy\" decoding=\"async\" src=\"https:\/\/reisen-travel.com\/reise-angebote\/wp-content\/uploads\/klima-tabelle-insel-mallorca.png\" alt=\"Klimatabelle\" width=\"600\" height=\"94\" class=\"alignleft size-thumbnail wp-image-3256\" \/><\/a><\/p>\n<p><iframe loading=\"lazy\" width=\"600\" height=\"600\" src=\"\" name=\"Angebote\" scrolling=\"auto\"><\/iframe>\n<\/div>\n<div class=\"tabbertab\">\n<h3>Sehensw\u00fcrdigkeiten<\/h3>\n<p><b>Pauschalreise Mallorca Reiseangebote im Reisepreisvergleich<\/b><\/p>\n<table border=\"0\" bgcolor=\"#FFFFFF\">\n<tr style=\"background-image:url();\">\n<td width=\"200\" height=\"100\">\n<h5>Alcudia <\/h5>\n<p><a href=\"#\">Puerto de Alcudia<b>  4 Sterne Hotel Maristany<\/b>  7 Tage, pro Person ab 219.- \u20ac<\/a><\/p>\n<hr>\n<p> <a href=\"#\"><b>3 Sterne Hotel Aparthotel Alcudia Garden<\/b> Direkt am Strand 14 Tage ab 304.- \u20ac<\/a><\/p>\n<hr>\n<p> <a href=\"#\"><b> 3 Sterne Hotel Bellevue <\/b> 14 Tage ab 321.- \u20ac<\/a> <\/td>\n<td width=\"200\">\n<h5>El Arenal<\/h5>\n<p> <a href=\"#\">El Arenal<b>  3 Sterne Hotel Palma Bay Club Resort<\/b>Ideal f\u00fcr Party-Urlaub  7 Tage, pro Person ab 210.- \u20ac<\/a><\/p>\n<hr>\n<p> <a href=\"#\"><b>3 Sterne Hotel San Diego<\/b> Zentral gelagen 7 Tage ab 229.- \u20ac<\/a><\/p>\n<hr>\n<p> <a href=\"#\"><b> 2 Sterne Hotel Monaco  <\/b> 14 Tage Doppelzimmer Fr\u00fchst\u00fcckab 204.- \u20ac<\/a> <\/td>\n<\/td>\n<td width=\"200\">\n<h5>Palma De Mallorca<\/h5>\n<p><a href=\"#\">Palma De Mallorca<b>  3 Sterne Hotel Balmes<\/b>  14 Tage, pro Person ab 232.- \u20ac<\/a><\/p>\n<hr>\n<p> <a href=\"#\"><b>3 Sterne Hotel Catalonia Majorica <\/b> Paoramalage 7 Tage ab 356.- \u20ac<\/a><\/p>\n<hr>\n<p> <a href=\"#\"><b> 4 Sterne Hotel Portofino <\/b> 14 Tage Doppelzimmer Fr\u00fchst\u00fcckab ab 491.- \u20ac<\/a> <\/td>\n<\/tr>\n<tr style=\"background-image:url();\">\n<td height=\"100\">\n<h5>Cala Millor<\/h5>\n<p><a href=\"#\">Cala Millor<b>  3 Sterne Hotel Club Sim\u00f3<\/b>  14 Tage Appartement, pro Person ab 278.- \u20ac<\/a><\/p>\n<hr>\n<p><a href=\"#\"> <b>Fr\u00fcbucher 3 Sterne App.-Hotel Anba Romani <\/b>  14 Tage Studio, pro Person ab 317.- \u20ac<\/a><\/p>\n<hr>\n<p><a href=\"#\"><b>  3 Sterne Hotel  App. Sol Park <\/b>  2 Wochen Appartement pro Person ab 344.- \u20ac<\/a><\/td>\n<td>\n<h5>Can Pastilla<\/h5>\n<p><a href=\"#\">Can Pastilla<b>  3 Sterne Hotel Apolo<\/b>  14 Tage, pro Person ab 304.- \u20ac<\/a><\/p>\n<hr>\n<p><a href=\"#\"> <b>  3 Sterne Hotel Calma<\/b>  14 Tage, pro Person ab 310.- \u20ac<\/a><\/p>\n<hr>\n<p><a href=\"#\"><b>  4 Sterne Hotel Las Arenas <\/b>  14 Tage, Halbpension pro Person ab 386.- \u20ac<\/a><\/td>\n<td>\n<h5>Cala Ratjada<\/h5>\n<p><a href=\"#\">Cala Ratjada<b>  4 Sterne Hotel Capricho<\/b>  14 Tage, pro Person ab 442.- \u20ac<\/a><\/p>\n<hr>\n<p><a href=\"#\"> <b>Last-minute  4 Sterne Hotel S&#8216; Entrador Playa <\/b>  14 Tage Doppelzimmer Halbpension , pro Person ab 496.- \u20ac<\/a><\/p>\n<hr>\n<p><a href=\"#\"><b>  3 Sterne Hotel Bellavista <\/b>  2 Wochen, Doppelzimmer Halbpension pro Person ab 329.- \u20ac<\/a><\/td>\n<\/tr>\n<tr bgcolor=\"#FFFFFF\">\n<td height=\"100\">\n<h5>Santa Ponsa<\/h5>\n<p><a href=\"#\">Santa Ponsa<b>  3 Sterne  Aparthotel TRH Jardin Del Mar<\/b> Lage Direkt am Meer  14 Tage, pro Person ab 276.- \u20ac<\/a><\/p>\n<hr>\n<p><a href=\"#\"> <b> 3 Sterne Hotel Appartments Deya  <\/b>  14 Tage Appartement , pro Person ab 322.- \u20ac<\/a><\/p>\n<hr>\n<p><a href=\"#\"><b>  3 Sterne Hotel  D&#8217;or Jardin De Playa  <\/b>  14 Tage, Appartement pro Person ab 339.- \u20ac<\/a><\/td>\n<td>\n<h5>Playa De Palma<\/h5>\n<p><a href=\"#\">Playa De Palma<b>  3 Sterne  Appartements Pil-Lari Playa<\/b> Lage an der Uferpromenade  14 Tage Studio, pro Person ab 307.- \u20ac<\/a><\/p>\n<hr>\n<p><a href=\"#\"> <b> 3 Sterne Hotel Carmen Playa  <\/b>  14 Tage Doppelzimmer Fr\u00fchst\u00fcck  , pro Person ab 334.- \u20ac<\/a><\/p>\n<hr>\n<p><a href=\"#\"><b>  3 Sterne Hotel Caballero<\/b>  14 Tage, Doppelzimmer Fr\u00fchst\u00fcck pro Person ab 346.- \u20ac<\/a>\n<\/td>\n<td>\n<h5>Paguera<\/h5>\n<p><a href=\"#\">Paguera<b>  3 Sterne  Hotel Bulevar Paguera<\/b>  14 Tage Studio, pro Person ab 332.- \u20ac<\/a><\/p>\n<hr>\n<p><a href=\"#\"> <b> 3 Sterne Appartements Carabela II &#038; Niza<\/b>  14 Tage Studio, pro Person ab 367.- \u20ac<\/a><\/p>\n<hr>\n<p><a href=\"#\"><b>  3 Sterne Hotel Beverly Playa<\/b>   14 Tage, Zimmer Fr\u00fchst\u00fcck  pro Person ab 387.- \u20ac<\/a>\n<\/td>\n<\/tr>\n<tr style=\"background-image:url();\">\n<td height=\"100\">\n<h5>Cala Mesquida<\/h5>\n<p><a href=\"#\">Cala Mesquida<b>  4 Sterne Hotel Viva Cala Mesquida Club <\/b>  14 Tage, pro Person ab 772.- \u20ac<\/a><\/p>\n<hr>\n<h5>Puig De Ros <\/h5>\n<p><a href=\"#\">Puig De Ros <b>  5 Sterne Hotel Delta  <\/b>  14 Tage Doppelzimmer Fr\u00fchst\u00fcck , pro Person ab 519.- \u20ac<\/a><\/p>\n<hr>\n<h5>Can Picafort <\/h5>\n<p><a href=\"#\">Can Picafort<b>  5 Sterne Hotel Grupotel Gran Vista <\/b>  14 Tage Doppelzimmer Fr\u00fchst\u00fcck , pro Person ab 560.- \u20ac<\/a><\/td>\n<td>\n<h5>Cala D&#8217;Or<\/h5>\n<p><a href=\"#\">Cala D&#8217;Or<b>  3 Sterne Hotel Inturotel Cala Azul Garden <\/b>  14 Tage Studio, pro Person ab 317.- \u20ac<\/a><\/p>\n<hr>\n<p><a href=\"#\"> <b>  3 Sterne Hotel  Playa Ferrera<\/b> Strandnah Kinderfreundlich  14 Tage Appartement, pro Person ab 323.- \u20ac<\/a><\/p>\n<hr>\n<p><a href=\"#\"><b>  3 Sterne Hotel  Costa Del Sur <\/b>Strandnah, Kinderfreundlich,  14 Tage Doppelzimmer Halbpension, pro Person ab 369.- \u20ac<\/a><\/td>\n<td>\n<h5>Palma Nova<\/h5>\n<p><a href=\"#\">Palma Nova<b>  3 Sterne Hotel  Marthas Suite <\/b>  14 Tage Appartement, pro Person ab 348.- \u20ac<\/a><\/p>\n<hr>\n<p><a href=\"#\"> <b>4 Sterne Hotel Vistanova<\/b>  14 Tage Doppelzimmer Fr\u00fchst\u00fcck  , pro Person ab 353.- \u20ac<\/a><\/p>\n<hr>\n<p><a href=\"#\"><b>  3 Sterne Hotel Aquasol <\/b>  2 Wochen Appartement,  pro Person ab 386.- \u20ac<\/a><\/td>\n<\/tr>\n<\/table>\n<p><center><a href=\"https:\/\/reisen-travel.com\/reise-angebote\/last-minute-reisen\/balearen-reisen-lastminute\/last-minute-mallorca\/\" title=\"Last-minute Mallorca\">Last-minute Mallorca<\/a><\/center>\n<\/div>\n<\/div>\n","protected":false},"excerpt":{"rendered":"<p>Pauschalreise Mallorca Urlaub g\u00fcnstig buchen Pauschalngebote mit Flug Eigene Anreise Ihr Browser kann leider keine eingebetteten Frames anzeigen: Sie k&ouml;nnen die eingebettete Seite &uuml;ber den folgenden Verweis aufrufen: Pauschalhotel Hotelsuche Charterflug Charterflug Flugticket Info Information zur Online Reise Buchung das &hellip; <a href=\"https:\/\/reisen-travel.com\/reise-angebote\/pauschalreisen\/balearen\/insel-mallorca-hotels-urlaub\/\">Weiterlesen <span class=\"meta-nav\">&rarr;<\/span><\/a><\/p>\n","protected":false},"author":1,"featured_media":0,"parent":1195,"menu_order":0,"comment_status":"closed","ping_status":"open","template":"","meta":{"footnotes":""},"class_list":["post-1201","page","type-page","status-publish","hentry"],"_links":{"self":[{"href":"https:\/\/reisen-travel.com\/reise-angebote\/wp-json\/wp\/v2\/pages\/1201","targetHints":{"allow":["GET"]}}],"collection":[{"href":"https:\/\/reisen-travel.com\/reise-angebote\/wp-json\/wp\/v2\/pages"}],"about":[{"href":"https:\/\/reisen-travel.com\/reise-angebote\/wp-json\/wp\/v2\/types\/page"}],"author":[{"embeddable":true,"href":"https:\/\/reisen-travel.com\/reise-angebote\/wp-json\/wp\/v2\/users\/1"}],"replies":[{"embeddable":true,"href":"https:\/\/reisen-travel.com\/reise-angebote\/wp-json\/wp\/v2\/comments?post=1201"}],"version-history":[{"count":54,"href":"https:\/\/reisen-travel.com\/reise-angebote\/wp-json\/wp\/v2\/pages\/1201\/revisions"}],"predecessor-version":[{"id":12027,"href":"https:\/\/reisen-travel.com\/reise-angebote\/wp-json\/wp\/v2\/pages\/1201\/revisions\/12027"}],"up":[{"embeddable":true,"href":"https:\/\/reisen-travel.com\/reise-angebote\/wp-json\/wp\/v2\/pages\/1195"}],"wp:attachment":[{"href":"https:\/\/reisen-travel.com\/reise-angebote\/wp-json\/wp\/v2\/media?parent=1201"}],"curies":[{"name":"wp","href":"https:\/\/api.w.org\/{rel}","templated":true}]}}