{"id":1195,"date":"2010-02-23T13:57:32","date_gmt":"2010-02-23T11:57:32","guid":{"rendered":"https:\/\/reisen-travel.com\/reise-angebote\/?page_id=1195"},"modified":"2023-03-24T03:08:51","modified_gmt":"2023-03-24T01:08:51","slug":"balearen","status":"publish","type":"page","link":"https:\/\/reisen-travel.com\/reise-angebote\/pauschalreisen\/balearen\/","title":{"rendered":"Balearen"},"content":{"rendered":"<h3>Buchungsmaske g\u00fcnstige Urlaub Balearen<\/h3>\n<p><tbe page=\"region\" param-pid=\"A-29203-0\" param-cntry=\"1001\" param-rgn=\" \" param-ddate=\"3\" param-rdate=\"150\" param-dur=\"4,5\" param-ngn=\"package\"><\/p>\n<div class=\"tbe-loading\"><\/div>\n<p><\/tbe><br \/>\n<img loading=\"lazy\" decoding=\"async\" class=\"alignleft\" style=\" margin: 10px 10px 50px 10px; float: left;\" src=\"https:\/\/reisen-travel.com\/reise-angebote\/wp-content\/uploads\/reise-angebote.gif\" alt=\"Urlaub Balearen Hotels\" width=\"20\" height=\"160\" \/><\/p>\n<p><b>Information zur Online Reise Buchung<\/b><br \/>\ndas geht ganz einfach, geben Sie Ihre gew\u00fcnschten Reisedaten in die Suchmaske ein, wie viele Personen, Abflug, R\u00fcckflug, wie viel Tage, Abflughafen, alle Regionen anklicken und unten in der Suchmaske Ihren Reisezielort klicken und es werden Ihnen die verschiedenen Reisepreise der verschiedenen Reiseveranstalter angezeigt jetzt gew\u00fcnschtes Abflugdatum klicken und Ihre pers\u00f6nliche Daten eintragen gew\u00fcnschte Zahlungsart evtl. noch eine Reiser\u00fccktrittsversicherung dazu nehmen &#8211; AGB Ihr H\u00e4ckchen machen &#8211; jetzt Drucken anklicken &#8211; Reise Anmelden buchen klicken und fertig.<\/p>\n","protected":false},"excerpt":{"rendered":"<p>Buchungsmaske g\u00fcnstige Urlaub Balearen Information zur Online Reise Buchung das geht ganz einfach, geben Sie Ihre gew\u00fcnschten Reisedaten in die Suchmaske ein, wie viele Personen, Abflug, R\u00fcckflug, wie viel Tage, Abflughafen, alle Regionen anklicken und unten in der Suchmaske Ihren &hellip; <a href=\"https:\/\/reisen-travel.com\/reise-angebote\/pauschalreisen\/balearen\/\">Weiterlesen <span class=\"meta-nav\">&rarr;<\/span><\/a><\/p>\n","protected":false},"author":1,"featured_media":0,"parent":2,"menu_order":0,"comment_status":"closed","ping_status":"open","template":"","meta":{"footnotes":""},"class_list":["post-1195","page","type-page","status-publish","hentry"],"_links":{"self":[{"href":"https:\/\/reisen-travel.com\/reise-angebote\/wp-json\/wp\/v2\/pages\/1195","targetHints":{"allow":["GET"]}}],"collection":[{"href":"https:\/\/reisen-travel.com\/reise-angebote\/wp-json\/wp\/v2\/pages"}],"about":[{"href":"https:\/\/reisen-travel.com\/reise-angebote\/wp-json\/wp\/v2\/types\/page"}],"author":[{"embeddable":true,"href":"https:\/\/reisen-travel.com\/reise-angebote\/wp-json\/wp\/v2\/users\/1"}],"replies":[{"embeddable":true,"href":"https:\/\/reisen-travel.com\/reise-angebote\/wp-json\/wp\/v2\/comments?post=1195"}],"version-history":[{"count":9,"href":"https:\/\/reisen-travel.com\/reise-angebote\/wp-json\/wp\/v2\/pages\/1195\/revisions"}],"predecessor-version":[{"id":11822,"href":"https:\/\/reisen-travel.com\/reise-angebote\/wp-json\/wp\/v2\/pages\/1195\/revisions\/11822"}],"up":[{"embeddable":true,"href":"https:\/\/reisen-travel.com\/reise-angebote\/wp-json\/wp\/v2\/pages\/2"}],"wp:attachment":[{"href":"https:\/\/reisen-travel.com\/reise-angebote\/wp-json\/wp\/v2\/media?parent=1195"}],"curies":[{"name":"wp","href":"https:\/\/api.w.org\/{rel}","templated":true}]}}