{"id":112,"date":"2009-07-24T17:05:38","date_gmt":"2009-07-24T15:05:38","guid":{"rendered":"https:\/\/reisen-travel.com\/reise-angebote\/?page_id=112"},"modified":"2018-08-09T18:19:21","modified_gmt":"2018-08-09T16:19:21","slug":"fluge","status":"publish","type":"page","link":"https:\/\/reisen-travel.com\/reise-angebote\/fluge\/","title":{"rendered":"Fl\u00fcge Flug"},"content":{"rendered":"<div class=\"tabber\">\n<div class=\"tabbertab\">\n<h3>Linienfl\u00fcge<\/h3>\n<h3>Preisvergleich Flug buchen<\/h3>\n<div data-skyscanner-widget=\"SearchWidget\" data-locale=\"de-DE\" data-affiliate=\"network:TDBL;publisher:3038541;market:DE\"><\/div>\n<p><script src=\"https:\/\/widgets.skyscanner.net\/widget-server\/js\/loader.js\" async><\/script>\n<\/div>\n<div class=\"tabbertab\">\n<h3>g\u00fcnstige Fl\u00fcge<\/h3>\n<p><iframe loading=\"lazy\" frameborder=\"0\" src=\"https:\/\/traffics.travelsystem.de\/flug\/regionen\/ref-A-29203-0\" width=\"100%\" height=\"5000\" name=\"SELFHTML_in_a_box last-\">Ihr Browser kann leider keine eingebetteten Frames anzeigen: Sie k&ouml;nnen die eingebettete Seite &uuml;ber den folgenden Verweis aufrufen: <a href=\"https:\/\/traffics.travelsystem.de\/flug\/regionen\/ref-A-29203-0\">Hier geht es zur Flug Buchug<\/a><\/iframe>\n<\/div>\n<div class=\"tabbertab\">\n<h3>Charterflug<\/h3>\n<p><iframe loading=\"lazy\" width=\"100%\" height=\"5000\" src=\"https:\/\/xbe2.travelsystem.de\/xbe.php?XBE=1001&#038;SF=1&#038;AGENT=A-29203-0\" scrolling=\"auto\"><\/iframe><\/p>\n<table border=\"3\" frame=\"void\">\n<tr>\n<td><b>billig Fl\u00fcge<\/b><\/td>\n<td><b>g\u00fcnstige Fl\u00fcge<\/b><\/td>\n<td><b>lastminute Fl\u00fcge<\/b><\/td>\n<td><b>billig Flug<\/b><\/td>\n<\/tr>\n<tr>\n<td>\u00c4gypten<\/p>\n<hr>\n<p>\u00c4quatorialguinea<\/p>\n<hr>\n<p>\u00c4thiopien<\/p>\n<hr>\n<p>Afghanistan<\/p>\n<hr>\n<p>Albanien<\/p>\n<hr>\n<p>Algerien<\/p>\n<hr>\n<p>Andorra<\/p>\n<hr>\n<p>Angola<\/p>\n<hr>\n<p>Antigua und Barbuda<\/p>\n<hr>\n<p>Argentinien<\/p>\n<hr>\n<p>Armenien<\/p>\n<hr>\n<p>Aserbaidschan<\/p>\n<hr>\n<p>Australien<\/p>\n<hr>\n<\/td>\n<td>Bahamas<\/p>\n<hr>\n<p>Bahrain<\/p>\n<hr>\n<p>Bangladesch<\/p>\n<hr>\n<p>Barbados<\/p>\n<hr>\n<p>Belgien<\/p>\n<hr>\n<p>Belize<\/p>\n<hr>\n<p>Benin<\/p>\n<hr>\n<p>Bhutan<\/p>\n<hr>\n<p>Bolivien<\/p>\n<hr>\n<p>Bosnien und Herzegowina<\/p>\n<hr>\n<p>Botsuana<\/p>\n<hr>\n<p>Brasilien<\/p>\n<hr>\n<p>Brunei<\/p>\n<hr>\n<p>Bulgarien<\/p>\n<hr>\n<p>Burkina Faso<\/p>\n<hr>\n<p>Burundi<\/td>\n<td>Chile<\/p>\n<hr>\n<p>China<\/p>\n<hr>\n<p>Costa Rica<\/p>\n<hr>\n<\/td>\n<td>D\u00e4nemark<\/p>\n<hr>\n<p>Deutschland<\/p>\n<hr>\n<p>Dominica<\/p>\n<hr>\n<p>Dominikanische Republik<\/p>\n<hr>\n<p>Dschibuti<\/td>\n<\/tr>\n<tr>\n<td>Ecuador<\/p>\n<hr>\n<p>El Salvador<\/p>\n<hr>\n<p>Elfenbeink\u00fcste<\/p>\n<hr>\n<p>Eritrea<\/p>\n<hr>\n<p>Estland<\/td>\n<td>Fidschi<\/p>\n<hr>\n<p>Finnland<\/p>\n<hr>\n<p>Frankreich<\/td>\n<td>Gabun<\/p>\n<hr>\n<p>Gambia<\/p>\n<hr>\n<p>Georgien<\/p>\n<hr>\n<p>Ghana<\/p>\n<hr>\n<p>Grenada<\/p>\n<hr>\n<p>Griechenland<\/p>\n<hr>\n<p>Gro\u00dfbritannien<\/p>\n<hr>\n<p>Guatemala<\/p>\n<hr>\n<p>Guinea<\/p>\n<hr>\n<p>Guinea-Bissau<\/p>\n<hr>\n<p>Guyana<\/td>\n<td>Haiti<\/p>\n<hr>\n<p>Honduras<\/td>\n<\/tr>\n<tr>\n<td>Indien<\/p>\n<hr>\n<p>Indonesien<\/p>\n<hr>\n<p>Irak<\/p>\n<hr>\n<p>Iran<\/p>\n<hr>\n<p>Irland<\/p>\n<hr>\n<p>Island<\/p>\n<hr>\n<p>Israel<\/p>\n<hr>\n<p>Italien<\/td>\n<td>Jamaika<\/p>\n<hr>\n<p>Japan<\/p>\n<hr>\n<p>Jemen<\/p>\n<hr>\n<p>Jordanien\n<\/td>\n<td>Kambodscha<\/p>\n<hr>\n<p>Kamerun<\/p>\n<hr>\n<p>Kanada<\/p>\n<hr>\n<p>Kap Verde<\/p>\n<hr>\n<p>Kasachstan<\/p>\n<hr>\n<p>Katar<\/p>\n<hr>\n<p>Kenia<\/p>\n<hr>\n<p>Kirgistan<\/p>\n<hr>\n<p>Kiribati<\/p>\n<hr>\n<p>Kolumbien<\/p>\n<hr>\n<p>Komoren<\/p>\n<hr>\n<p>Kongo<\/p>\n<hr>\n<p>Kroatien<\/p>\n<hr>\n<p>Kuba<\/p>\n<hr>\n<p>Kuwait<\/td>\n<td>Laos<\/p>\n<hr>\n<p>Lesotho<\/p>\n<hr>\n<p>Lettland<\/p>\n<hr>\n<p>Libanon<\/p>\n<hr>\n<p>Liberia<\/p>\n<hr>\n<p>Libyen<\/p>\n<hr>\n<p>Liechtenstein<\/p>\n<hr>\n<p>Litauen<\/p>\n<hr>\n<p>Luxemburg<\/td>\n<\/tr>\n<tr>\n<td>Madagaskar<\/p>\n<hr>\n<p>Malawi<\/p>\n<hr>\n<p>Malaysia<\/p>\n<hr>\n<p>Malediven<\/p>\n<hr>\n<p>Mali<\/p>\n<hr>\n<p>Malta<\/p>\n<hr>\n<p>Marokko<\/p>\n<hr>\n<p>Marshallinseln<\/p>\n<hr>\n<p>Mauretanien<\/p>\n<hr>\n<p>Mauritius<\/p>\n<hr>\n<p>Mazedonien<\/p>\n<hr>\n<p>Mexiko<\/p>\n<hr>\n<p>Mikronesien<\/p>\n<hr>\n<p>Moldawien<\/p>\n<hr>\n<p>Monaco<\/p>\n<hr>\n<p>Mongolei<\/p>\n<hr>\n<p>Montenegro<\/p>\n<hr>\n<p>Mosambik<\/p>\n<hr>\n<p>Myanmar\n<\/td>\n<td>Namibia<\/p>\n<hr>\n<p>Nauru<\/p>\n<hr>\n<p>Nepal<\/p>\n<hr>\n<p>Neuseeland<\/p>\n<hr>\n<p>Nicaragua<\/p>\n<hr>\n<p>Niederlande<\/p>\n<hr>\n<p>Niger<\/p>\n<hr>\n<p>Nigeria<\/p>\n<hr>\n<p>Niue<\/p>\n<hr>\n<p>Nordkorea<\/p>\n<hr>\n<p>Norwegen\n<\/td>\n<td>\u00d6sterreich<\/p>\n<hr>\n<p>Oman<\/td>\n<td>Pakistan<\/p>\n<hr>\n<p>Palau<\/p>\n<hr>\n<p>Pal\u00e4stinensische Gebiete<\/p>\n<hr>\n<p>Panama<\/p>\n<hr>\n<p>Papua-Neuguinea<\/p>\n<hr>\n<p>Paraguay<\/p>\n<hr>\n<p>Peru<\/p>\n<hr>\n<p>Philippinen<\/p>\n<hr>\n<p>Polen<\/p>\n<hr>\n<p>Portugal\n<\/td>\n<\/tr>\n<tr>\n<td>Ruanda<\/p>\n<hr>\n<p>Rum\u00e4nien<\/p>\n<hr>\n<p>Russland<\/td>\n<td>Sahara<\/p>\n<hr>\n<p>Salomonen<\/p>\n<hr>\n<p>Sambia<\/p>\n<hr>\n<p>Samoa<\/p>\n<hr>\n<p>San Marino<\/p>\n<hr>\n<p>S\u00e3o Tom\u00e9 und Pr\u00edncipe<\/p>\n<hr>\n<p>Saudi-Arabien<\/p>\n<hr>\n<p>Schweden<\/p>\n<hr>\n<p>Schweiz<\/p>\n<hr>\n<p>Senegal<\/p>\n<hr>\n<p>Serbien<\/p>\n<hr>\n<p>Seychellen<\/p>\n<hr>\n<p>Sierra Leone<\/p>\n<hr>\n<p>Simbabwe<\/p>\n<hr>\n<p>Singapur<\/p>\n<hr>\n<p>Slowakei<\/p>\n<hr>\n<p>Slowenien<\/p>\n<hr>\n<p>Somalia<\/p>\n<hr>\n<p>Spanien<\/p>\n<hr>\n<p>Sri Lanka<\/p>\n<hr>\n<p>St. Kitts und Nevis<\/p>\n<hr>\n<p>St. Lucia<\/p>\n<hr>\n<p>St. Vincent \/ Grenadinen<\/p>\n<hr>\n<p>Sudan<\/p>\n<hr>\n<p>S\u00fcdafrika<\/p>\n<hr>\n<p>S\u00fcdkorea<\/p>\n<hr>\n<p>Suriname<\/p>\n<hr>\n<p>Swasiland<\/p>\n<hr>\n<p>Syrien<\/td>\n<td>Tadschikistan<\/p>\n<hr>\n<p>Taiwan<\/p>\n<hr>\n<p>Tansania<\/p>\n<hr>\n<p>Thailand<\/p>\n<hr>\n<p>Timor-Leste<\/p>\n<hr>\n<p>Togo<\/p>\n<hr>\n<p>Tonga<\/p>\n<hr>\n<p>Trinidad Tobago<\/p>\n<hr>\n<p>Tschad<\/p>\n<hr>\n<p>Tschechien<\/p>\n<hr>\n<p>Tunesien<\/p>\n<hr>\n<p>Turkmenistan<\/p>\n<hr>\n<p>Turks- und Caicosinseln<\/p>\n<hr>\n<p>Tuvalu<\/p>\n<hr>\n<p>T\u00fcrkei<\/td>\n<td>Uganda<\/p>\n<hr>\n<p>Ukraine<\/p>\n<hr>\n<p>Ungarn<\/p>\n<hr>\n<p>Uruguay<\/p>\n<hr>\n<p>USA<\/p>\n<hr>\n<p>Usbekistan\n<\/td>\n<\/tr>\n<tr>\n<td>Vanuatu<\/p>\n<hr>\n<p>Vatikanstadt<\/p>\n<hr>\n<p>Venezuela<\/p>\n<hr>\n<p>Vereinigte Arabische Emirate<\/p>\n<hr>\n<p>Vietnam<\/td>\n<td>Wei\u00dfrussland\n<\/td>\n<td>Zentralafrikanische Republik<\/p>\n<hr>\n<p>Zypern<\/td>\n<td>Reisel\u00e4nder<\/td>\n<\/tr>\n<\/table>\n<\/div>\n<\/div>\n<\/p>\n<\/p>\n<div class=\"su-button-center\"><a href=\"https:\/\/ec.europa.eu\/transport\/sites\/transport\/files\/air-safety-list_en.pdf\" class=\"su-button su-button-style-3d\" style=\"color:#FFFFFF;background-color:#2de4ef;border-color:#24b7c0;border-radius:29px\" target=\"_blank\" rel=\"noopener noreferrer\"><span style=\"color:#FFFFFF;padding:6px 16px;font-size:13px;line-height:20px;border-color:#6cedf4;border-radius:29px;text-shadow:1px 1px 1px #000000\"><i class=\"sui sui-plane\" style=\"font-size:13px;color:#FFFFFF\"><\/i> Airline Schwarze Liste<\/span><\/a><\/div>\n","protected":false},"excerpt":{"rendered":"<p>Linienfl\u00fcge Preisvergleich Flug buchen g\u00fcnstige Fl\u00fcge Ihr Browser kann leider keine eingebetteten Frames anzeigen: Sie k&ouml;nnen die eingebettete Seite &uuml;ber den folgenden Verweis aufrufen: Hier geht es zur Flug Buchug Charterflug billig Fl\u00fcge g\u00fcnstige Fl\u00fcge lastminute Fl\u00fcge billig Flug \u00c4gypten &hellip; <a href=\"https:\/\/reisen-travel.com\/reise-angebote\/fluge\/\">Weiterlesen <span class=\"meta-nav\">&rarr;<\/span><\/a><\/p>\n","protected":false},"author":1,"featured_media":0,"parent":0,"menu_order":5,"comment_status":"closed","ping_status":"open","template":"","meta":{"footnotes":""},"class_list":["post-112","page","type-page","status-publish","hentry"],"_links":{"self":[{"href":"https:\/\/reisen-travel.com\/reise-angebote\/wp-json\/wp\/v2\/pages\/112","targetHints":{"allow":["GET"]}}],"collection":[{"href":"https:\/\/reisen-travel.com\/reise-angebote\/wp-json\/wp\/v2\/pages"}],"about":[{"href":"https:\/\/reisen-travel.com\/reise-angebote\/wp-json\/wp\/v2\/types\/page"}],"author":[{"embeddable":true,"href":"https:\/\/reisen-travel.com\/reise-angebote\/wp-json\/wp\/v2\/users\/1"}],"replies":[{"embeddable":true,"href":"https:\/\/reisen-travel.com\/reise-angebote\/wp-json\/wp\/v2\/comments?post=112"}],"version-history":[{"count":55,"href":"https:\/\/reisen-travel.com\/reise-angebote\/wp-json\/wp\/v2\/pages\/112\/revisions"}],"predecessor-version":[{"id":10187,"href":"https:\/\/reisen-travel.com\/reise-angebote\/wp-json\/wp\/v2\/pages\/112\/revisions\/10187"}],"wp:attachment":[{"href":"https:\/\/reisen-travel.com\/reise-angebote\/wp-json\/wp\/v2\/media?parent=112"}],"curies":[{"name":"wp","href":"https:\/\/api.w.org\/{rel}","templated":true}]}}