{"id":1081,"date":"2010-09-23T15:44:30","date_gmt":"2010-09-23T13:44:30","guid":{"rendered":"https:\/\/reisen-travel.com\/reise-angebote\/?page_id=1081"},"modified":"2026-02-21T06:34:40","modified_gmt":"2026-02-21T04:34:40","slug":"winter-urlaub-ski-reisen-wintersport-skipass-preisvergleich","status":"publish","type":"page","link":"https:\/\/reisen-travel.com\/reise-angebote\/main\/winter-urlaub-ski-reisen-wintersport-skipass-preisvergleich\/","title":{"rendered":"Winterurlaub"},"content":{"rendered":"<h3>Urlaub Winter 2026 \/ 2027 Skireisen Skifahren Skiurlaub in allen Wintersport-Orten, hier finden Sie Reiseangebote Winterreisen inklsive Skipass Hotels, Pensionen, Apartments und Skih\u00fctten Top Angebote in \u00d6sterreich Schweiz Deutschland Frankreich Italien Polen Bulgarien oder Tschechien g\u00fcnstig buchen.<\/h3>\n<div class=\"tabber\">\n<div class=\"tabbertab\">\n<h3>Suche Anreise<\/h3>\n<p><tbe page=\"region\" param-pid=\"A-29203-0\" param-cntry=\"\" param-add=\"4,\"  param-attr=CLOSETOSKILIFT param-ngn=\"hotel\"><\/p>\n<div class=\"tbe-loading\"><\/div>\n<p><\/tbe><\/p>\n<p><b>Die sch\u00f6nsten Urlaubsorte zu den besten Preisen<\/p>\n<p> <strong>Tirol<\/strong> Mayrhofen 1 Woche 4 Sterne Hotel Neuhaus Alpendomizil  ab 402,- Euro Preis pro Person,<br \/>\n <strong>Seefeld<\/strong> 8 Tage 4 Sterne Hotel L\u00e4rchenhof  ab 121,-Euro,<br \/>\n <strong>Salzburger Land Saalbach<\/strong> &#8211; Hinterglemm 8 Tage 3 Sterne Hotel Alpina  ab 435,- Euro,<br \/>\n Frankreich  Nordalpen  Val Thorens 8 Tage oder 7 N\u00e4chte 3 Sterne Hotel R\u00e9sidence Le Valset ab 435,- Euro,<br \/>\n <strong>Tignes &#8211; Tignes Val Claret<\/strong> 8 Tage Hotel 3 Sterne H\u00f4tel Ecrin du Val Claret  ab 517,- Euro,<br \/>\n<strong> Val d&#8217;Is\u00e8re<\/strong> R\u00e9sidence Les Jardins de Val \/ Verdets 8 Tage Hotel 3 Sterne H\u00f4tel Ecrin du Val Claret  ab 465,- Euro,<br \/>\nSalzburger Land &#8211; Zell am See 8 Tage 3 Sterne Gasthof Limberghof mit Halbpension im Doppelzimmer  ab 263,- Euro,<br \/>\n<strong>Flachau<\/strong> 8 Tage 3 Sterne Hotel Reslwirt mit Halbpension im Doppelzimmer  ab 580,- Euro Preis pro Person,<br \/>\n<strong>Andorra <\/strong>&#8211; Andorra &#8211; Soldeu 8 Tage 4 Sterne Sport Hotel Luxuri\u00f6s Doppelzimmer  ab 413,- Euro Preis pro Person,<br \/>\n<\/b><br \/>\n<b>Schneemangel Geld zur\u00fcck Garantie<\/b><\/p>\n<p><strong>St.Moritz Engadin Flims-Laax Arlberg Silvretta Montafon Zauchensee Ischgl Paznauntal Galt\u00fcr Val di Sole Saastal Saas Fee Auffach Wildsch\u00f6nau S\u00f6lden Gries Kitzb\u00fchel Aurach Kaprun Zillertal Zell Bruck Brixen Axamer Lizum  Saalbach Hinterglemm Vorderglamm Marilleva Mezzana Dolomiten Familienskireise Cavalese Tignes Salzburger Land Flachau Andorra Valmorel Savoyen<\/strong><\/p>\n<\/div>\n<div class=\"tabbertab\">\n<h3>Hotels<\/h3>\n<div\n  data-skyscanner-widget=\"HotelSearchWidget\"\n  data-locale=\"de-DE\"\n  data-market=\"DE\"\n  data-currency=\"EUR\"\n  data-campaign-id=\"13416\"\n  data-media-partner-id=\"2891447\"\n  data-ad-id=\"1103261\"\n  data-hide-powered-by=\"true\"\n  data-target=\"_self\"\n  data-iframe=\"true\"\n><\/div>\n<p><script src=\"https:\/\/widgets.skyscanner.net\/widget-server\/js\/loader.js\" async><\/script><\/p>\n<\/div>\n<div class=\"tabbertab\">\n<h3>Routen Planer<\/h3>\n<p>W\u00e4hlen Sie die Route aus wo Sie Ski Fahren m\u00f6chten <\/br><br \/>\n<div class=\"su-gmap su-u-responsive-media-yes\"><iframe loading=\"lazy\" width=\"600\" height=\"400\" src=\"\/\/maps.google.com\/maps?q=Europa&amp;output=embed\" title=\"\"><\/iframe><\/div>\n<p><img loading=\"lazy\" decoding=\"async\" class=\"alignleft\" style=\" margin: 10px 10px 190px 10px; float: left;\" src=\"https:\/\/1reisen.com\/wp-content\/uploads\/2012\/09\/info1.png\" alt=\"Winterurlaub Skireisen Skifahren Skiurlaub und Skireisen Wintersport-Orten Reiseangebote Winterreisen inkl. Skipass Hotels, Pensionen Apartments Skih\u00fctten,\" width=\"60\" height=\"60\" \/>\t  <\/p>\n<p>Information zur Online Reise Buchung<br \/>\nDas geht ganz einfach, geben Sie Ihre gew\u00fcnschten Reisedaten in die Suchmaske ein, Ihr Reiseziel w\u00e4hlen, wie viele Personen, Zimmertyp, Anreisetag, Abreisetag, 2 \u2013 3 \u2013 4 \u2013 5 Sterne Kategorie, Hotelname wenn bekannt ausw\u00e4hlen und es werden Ihnen die Preise der zur Verf\u00fcgung stehenden Hotels, Pensionen und Hotelzimmer angezeigt. Jetzt das gew\u00fcnschte Hotel ausw\u00e4hlen, Ihre pers\u00f6nlichen Daten eintragen und die gew\u00fcnschte Zahlungsart w\u00e4hlen. Nun noch mit einem Klick die AGB best\u00e4tigen. Hotelbuchung durch Klick auf buchen best\u00e4tigen. Nun bekommen Sie eine Best\u00e4tigung Ihrer Buchung per E-mail zu gesendet was zu gleich Ihr Hotelticket beinhaltet und Sie bei der Anreise vorlegen.<\/p>\n<p><font size=\"1\" color=\"#f4eeee\"><br \/>\n<marquee><b>Reiseangebote: 1 Tag, 2 Tage, 3 Tage, 4 Tage, 5 Tage, 6 Tage, 7 Tage, 8 Tage, 9 Tage, 10 Tage, 11 Tage, 12 Tage, 13 Tage, 14 Tage, 15 Tage, 16 Tage, 17 Tage, 18 Tage, 19 Tage, 20 Tage, 21 Tage, 1 Woche, 2 Wochen, 3 Wochen, 4 Wochen, Sterne, Hotels, Reisen unter 100 unter 200 unter 300 unter 400 unter 500 Euro 600 unter 700 unter 800, 900, 1000, 1100, bis 1200, bis 1300, bis 1400, bis 1500, bis 1600, bis 1700, bis 1800, bis 1900, bis 2000, bis 2100, bis 2200, bis 2300, bis 2400, bis 2500, bis 2600, bis 2700 Pro Person <\/b><\/marquee><\/font> <\/p>\n<\/p>\n<p>Um f\u00fcr eine Urlaubsregion alle Angebote auf einen Blick zu erhalten immer \u00dcberbegriff Ausw\u00e4hlen.<\/p>\n<h3>St.Moritz Engadin Flims-Laax Arlberg Silvretta Montafon Zauchensee Ischgl Paznauntal Galt\u00fcr Val di Sole Saastal Saas Fee Auffach Wildsch\u00f6nau S\u00f6lden Gries Kitzb\u00fchel Aurach Kaprun Zillertal Zell Bruck Brixen Axamer Lizum  Saalbach Hinterglemm Vorderglamm Marilleva Mezzana Dolomiten Familienskireise Cavalese Tignes Salzburger Land Flachau Andorra Valmorel Savoyen<\/h3>\n<\/p><\/div>\n<\/div>\n","protected":false},"excerpt":{"rendered":"<p>Urlaub Winter 2026 \/ 2027 Skireisen Skifahren Skiurlaub in allen Wintersport-Orten, hier finden Sie Reiseangebote Winterreisen inklsive Skipass Hotels, Pensionen, Apartments und Skih\u00fctten Top Angebote in \u00d6sterreich Schweiz Deutschland Frankreich Italien Polen Bulgarien oder Tschechien g\u00fcnstig buchen. Suche Anreise Die &hellip; <a href=\"https:\/\/reisen-travel.com\/reise-angebote\/main\/winter-urlaub-ski-reisen-wintersport-skipass-preisvergleich\/\">Weiterlesen <span class=\"meta-nav\">&rarr;<\/span><\/a><\/p>\n","protected":false},"author":1,"featured_media":0,"parent":38,"menu_order":4,"comment_status":"closed","ping_status":"open","template":"","meta":{"footnotes":""},"class_list":["post-1081","page","type-page","status-publish","hentry"],"_links":{"self":[{"href":"https:\/\/reisen-travel.com\/reise-angebote\/wp-json\/wp\/v2\/pages\/1081","targetHints":{"allow":["GET"]}}],"collection":[{"href":"https:\/\/reisen-travel.com\/reise-angebote\/wp-json\/wp\/v2\/pages"}],"about":[{"href":"https:\/\/reisen-travel.com\/reise-angebote\/wp-json\/wp\/v2\/types\/page"}],"author":[{"embeddable":true,"href":"https:\/\/reisen-travel.com\/reise-angebote\/wp-json\/wp\/v2\/users\/1"}],"replies":[{"embeddable":true,"href":"https:\/\/reisen-travel.com\/reise-angebote\/wp-json\/wp\/v2\/comments?post=1081"}],"version-history":[{"count":160,"href":"https:\/\/reisen-travel.com\/reise-angebote\/wp-json\/wp\/v2\/pages\/1081\/revisions"}],"predecessor-version":[{"id":12226,"href":"https:\/\/reisen-travel.com\/reise-angebote\/wp-json\/wp\/v2\/pages\/1081\/revisions\/12226"}],"up":[{"embeddable":true,"href":"https:\/\/reisen-travel.com\/reise-angebote\/wp-json\/wp\/v2\/pages\/38"}],"wp:attachment":[{"href":"https:\/\/reisen-travel.com\/reise-angebote\/wp-json\/wp\/v2\/media?parent=1081"}],"curies":[{"name":"wp","href":"https:\/\/api.w.org\/{rel}","templated":true}]}}