{"id":211,"date":"2013-10-07T15:22:37","date_gmt":"2013-10-07T13:22:37","guid":{"rendered":"https:\/\/reisen-travel.com\/fluege\/"},"modified":"2019-07-23T15:04:43","modified_gmt":"2019-07-23T13:04:43","slug":"flug-kenia-mba-nbo-cheap-flights","status":"publish","type":"page","link":"https:\/\/reisen-travel.com\/fluege\/flug-de\/afrika-flug-billige-angebote\/flug-kenia-mba-nbo-cheap-flights\/","title":{"rendered":"Flug Kenia"},"content":{"rendered":"<div class=\"su-row\">\n  <div class=\"su-column su-column-size-1-10\"><div class=\"su-column-inner su-u-clearfix su-u-trim\">&#9992;<\/div><\/div>\n  <div class=\"su-column su-column-size-9-10\"><div class=\"su-column-inner su-u-clearfix su-u-trim\">\n<h3>Fl\u00fcge von und nach Kenia, findet die g\u00fcnstigsten im Flug-Preisvergleich Billigfl\u00fcge, Flugangebote, Billigflieger im Vergleich.<\/h3>\n<\/div><\/div>\n<\/div>\n<div class=\"tabber\">\n<div class=\"tabbertab\">\n<h3>Flugtickets Nairobi NBO<\/h3>\n<div\n  data-skyscanner-widget=\"FlightSearchWidget\"\n  data-associate-id=\"AFF_TRA_19354_00001\"  \n  data-locale=\"de-DE\"\n  data-market=\"DE\"\n  data-currency=\"EUR\"\n  data-media-partner-id=\"2891447\"\n  data-ad-id=\"1103262\"\n  data-origin-geo-lookup=\"true\"\n  data-direct-flights=\"true\"\n  data-flight-type=\"return\"\n  data-hide-powered-by=\"true\"\n><\/div>\n<script src=\"https:\/\/widgets.skyscanner.net\/widget-server\/js\/loader.js\" async><\/script>\n\n<\/div>\n<div class=\"tabbertab\">\n<h2>Charterflug<\/h2>\n<p><iframe loading=\"lazy\" frameborder=\"0\" src=\"https:\/\/xbe2.travelsystem.de\/xbe.php?XBE=1001&#038;SF=1&#038;AGENT=A-29203-0&#038;VON=4&#038;LMIN=7&#038;BIS=42&#038;LMAX=7&#038;RA=2&#038;DAUER=7|7&#038;KA1=&#038;KA2=&#038;KA3=&#038;REGION=AF&#038;ZIEL=NBOxMBA&#038;PMAX=0&#038;VC=&#038;ST=0&#038;ZA=100&#038;VA=0\" scrolling=\"auto\" width=\"100%\" height=\"5000\" name=\"charterflugesp\"><\/p>\n<p>Ihr Browser kann leider keine eingebetteten Frames anzeigen:<br \/>\n  Sie k&ouml;nnen die eingebettete Seite &uuml;ber den folgenden Verweis<br \/>\n  aufrufen: <a href=\"https:\/\/xbe2.travelsystem.de\/xbe.php?XBE=1001&#038;SF=1&#038;AGENT=A-29203-0&#038;VON=4&#038;LMIN=7&#038;BIS=42&#038;LMAX=7&#038;RA=2&#038;DAUER=7|7&#038;KA1=&#038;KA2=&#038;KA3=&#038;REGION=AF&#038;ZIEL=NBOxMBA&#038;PMAX=0&#038;VC=&#038;ST=0&#038;ZA=100&#038;VA=0\">Charterflug<\/a><\/iframe>\n<\/div>\n<div class=\"tabbertab\">\n<h3>Hotels<\/h3>\n<p><iframe loading=\"lazy\" style=\"margin-left:-25px;\" frameborder=\"0\" width=\"100%\" height=\"5000\" scrolling=\"auto\" src=\"https:\/\/brands.datahc.com\/Place\/Nairobi.htm?a_aid=20836&#038;brandId=546147\" name=\"Angebote\" scrolling=\"auto\"><\/iframe>\n<\/div>\n<div class=\"tabbertab\">\n<h2>Pauschalhotel<\/h2>\n<p><iframe loading=\"lazy\" frameborder=\"0\" src=\"https:\/\/xbe2.travelsystem.de\/xbe.php?XBE=1001&#038;SF=3&#038;AGENT=A-29203-0&#038;VON=4&#038;LMIN=7&#038;BIS=42&#038;LMAX=7&#038;RA=2&#038;DAUER=7|7&#038;KA1=&#038;KA2=&#038;KA3=&#038;REGION=AF&#038;ZIEL=MBA&#038;PMAX=0&#038;VC=&#038;ST=0&#038;ZA=100&#038;VA=0\" scrolling=\"auto\" width=\"100%\" height=\"5000\" name=\"pauschalhotelnbo\"><\/p>\n<p>Ihr Browser kann leider keine eingebetteten Frames anzeigen:<br \/>\n  Sie k&ouml;nnen die eingebettete Seite &uuml;ber den folgenden Verweis<br \/>\n  aufrufen: <a href=\"https:\/\/xbe2.travelsystem.de\/xbe.php?XBE=1001&#038;SF=3&#038;AGENT=A-29203-0&#038;VON=4&#038;LMIN=7&#038;BIS=42&#038;LMAX=7&#038;RA=2&#038;DAUER=7|7&#038;KA1=&#038;KA2=&#038;KA3=&#038;REGION=AF&#038;ZIEL=MBA&#038;PMAX=0&#038;VC=&#038;ST=0&#038;ZA=100&#038;VA=0\">Pauschalhotel Buchung<\/a><\/iframe>\n<\/div>\n<div class=\"tabbertab\">\n<h2>Pauschalreise<\/h2>\n<p><iframe loading=\"lazy\" frameborder=\"0\" src=\"https:\/\/xbe2.travelsystem.de\/xbe.php?XBE=1001&#038;SF=2x3x1&#038;AGENT=A-29203-0&#038;VON=4&#038;LMIN=7&#038;BIS=90&#038;LMAX=42&#038;RA=2&#038;DAUER=7|7&#038;KA1=&#038;KA2=&#038;KA3=&#038;REGION=AF&#038;ZIEL=MBA&#038;PMAX=0&#038;VC=&#038;ST=0&#038;ZA=100&#038;VA=0\" scrolling=\"auto\" width=\"100%\" height=\"5000\" name=\"pauschalreise\"><\/p>\n<p>Ihr Browser kann leider keine eingebetteten Frames anzeigen:<br \/>\n  Sie k&ouml;nnen die eingebettete Seite &uuml;ber den folgenden Verweis<br \/>\n  aufrufen: <a href=\"https:\/\/xbe2.travelsystem.de\/xbe.php?XBE=1001&#038;SF=2x3x1&#038;AGENT=A-29203-0&#038;VON=4&#038;LMIN=7&#038;BIS=42&#038;LMAX=7&#038;RA=2&#038;DAUER=7|7&#038;KA1=&#038;KA2=&#038;KA3=&#038;REGION=AF&#038;ZIEL=MBA&#038;PMAX=0&#038;VC=&#038;ST=0&#038;ZA=100&#038;VA=0\">Pauschalhotel Buchung<\/a><\/iframe>\n<\/div>\n<div class=\"tabbertab\">\n<h3>Wetter<\/h3>\n<table border=\"0\">\n<tr>\n<th align=\"left\" valign=\"top\" width=\"200\" height=\"75\">\n<a href=\"https:\/\/www.weatheronline.co.uk\/cgi-bin\/homecif?WMO=63740&#038;L=en&#038;WIDTH=180&#038;HEIGHT=150&#038;CLOUD=1&#038;V=2\" target=\"Angebote\" id=\"myfavorite\" rel=\"noopener noreferrer\"><\/p>\n<h4>Wetter<\/h4>\n<p><\/a><\/p>\n<hr>\n<p><br clear=all><\/p>\n<\/th>\n<th align=\"center\" valign=\"top\" width=\"200\"> <center><\/p>\n<h5>Wettervorhersage<\/h5>\n<p><\/center><br \/>\n <br \/><iframe loading=\"lazy\" width=\"300\" height=\"300\" src=\"https:\/\/www.weatheronline.co.uk\/cgi-bin\/homecif?WMO=63740&#038;L=en&#038;WIDTH=180&#038;HEIGHT=150&#038;CLOUD=1&#038;V=2\" name=\"Angebote\" scrolling=\"auto\"><\/iframe>\n<\/th>\n<th align=\"right\"  valign=\"top\" width=\"0\"><\/th>\n<\/tr>\n<\/tr>\n<\/table>\n<\/div>\n<div class=\"tabbertab\">\n<h3>Karte<\/h3>\n<p><center>  <b>Flugstrecke berechnen<\/b><br \/>\n<div class=\"su-gmap su-u-responsive-media-yes\"><iframe loading=\"lazy\" width=\"600\" height=\"400\" src=\"\/\/maps.google.com\/maps?q=Kenia&amp;output=embed\" title=\"\"><\/iframe><\/div>\n<h5>\u00c4gypten \u00c4quatorialguinea \u00c4thiopien Algerien Angola Benin Botswana Burkina Faso Burundi Dschibuti Elfenbeink\u00fcste EritreaGabun Gambia Ghana Guinea Bissau Kamerun Kap Verde Kenia Mombasa Nairobi Komoren Demokratische Republik Kongo Lesotho Liberia Libyen Madagaskar Malawi Mali Marokko Mauretanien Mauritius Mosambik Namibia Niger Nigeria R\u00e9union Ruanda Sambia S\u00e3o Tom\u00e9 und Pr\u00edncipe Senegal Seychellen Sierra Leone Simbabwe Somalia Sudan S\u00fcdafrika S\u00fcdsudan Swasiland Tansania Togo Tschad Tunesien Uganda Zentralafrikanische Republik <\/h5>\n<p><\/p>\n<p><\/center>\n<\/div>\n<\/div>\n","protected":false},"excerpt":{"rendered":"<p>Flugtickets Nairobi NBO Charterflug Ihr Browser kann leider keine eingebetteten Frames anzeigen: Sie k&ouml;nnen die eingebettete Seite &uuml;ber den folgenden Verweis aufrufen: Charterflug Hotels Pauschalhotel Ihr Browser kann leider keine eingebetteten Frames anzeigen: Sie k&ouml;nnen die eingebettete Seite &uuml;ber den &hellip; <a href=\"https:\/\/reisen-travel.com\/fluege\/flug-de\/afrika-flug-billige-angebote\/flug-kenia-mba-nbo-cheap-flights\/\">Weiterlesen <span class=\"meta-nav\">&rarr;<\/span><\/a><\/p>\n","protected":false},"author":1,"featured_media":0,"parent":188,"menu_order":1,"comment_status":"closed","ping_status":"open","template":"","meta":{"footnotes":""},"class_list":["post-211","page","type-page","status-publish","hentry"],"_links":{"self":[{"href":"https:\/\/reisen-travel.com\/fluege\/wp-json\/wp\/v2\/pages\/211","targetHints":{"allow":["GET"]}}],"collection":[{"href":"https:\/\/reisen-travel.com\/fluege\/wp-json\/wp\/v2\/pages"}],"about":[{"href":"https:\/\/reisen-travel.com\/fluege\/wp-json\/wp\/v2\/types\/page"}],"author":[{"embeddable":true,"href":"https:\/\/reisen-travel.com\/fluege\/wp-json\/wp\/v2\/users\/1"}],"replies":[{"embeddable":true,"href":"https:\/\/reisen-travel.com\/fluege\/wp-json\/wp\/v2\/comments?post=211"}],"version-history":[{"count":21,"href":"https:\/\/reisen-travel.com\/fluege\/wp-json\/wp\/v2\/pages\/211\/revisions"}],"predecessor-version":[{"id":2419,"href":"https:\/\/reisen-travel.com\/fluege\/wp-json\/wp\/v2\/pages\/211\/revisions\/2419"}],"up":[{"embeddable":true,"href":"https:\/\/reisen-travel.com\/fluege\/wp-json\/wp\/v2\/pages\/188"}],"wp:attachment":[{"href":"https:\/\/reisen-travel.com\/fluege\/wp-json\/wp\/v2\/media?parent=211"}],"curies":[{"name":"wp","href":"https:\/\/api.w.org\/{rel}","templated":true}]}}