{"id":130,"date":"2013-10-06T18:47:37","date_gmt":"2013-10-06T16:47:37","guid":{"rendered":"https:\/\/reisen-travel.com\/fluege\/"},"modified":"2025-06-26T20:24:42","modified_gmt":"2025-06-26T18:24:42","slug":"frankfurt-flights","status":"publish","type":"page","link":"https:\/\/reisen-travel.com\/fluege\/flug-de\/deutschland-flights\/frankfurt-flights\/","title":{"rendered":"Frankfurt"},"content":{"rendered":"<div class=\"su-row\">\n  <div class=\"su-column su-column-size-1-10\"><div class=\"su-column-inner su-u-clearfix su-u-trim\">&#9992;<\/div><\/div>\n  <div class=\"su-column su-column-size-9-10\"><div class=\"su-column-inner su-u-clearfix su-u-trim\">\n<h3> Fl\u00fcge ab nach Frankfurt &#8211; Flughafen, finden Sie die g\u00fcnstigsten Flug in unserem Flugpreisvergleich Billigfl\u00fcge, Flugangebote, Billigflieger im Vergleich. Flights to London Paris New York Rio Bangkok Hong-Kong in Flight Airline Tickets Price comparison.<\/h3>\n<\/div><\/div>\n<\/div>\n<div class=\"tabber\">\n<div class=\"tabbertab\">\n<h2>Billigflug<\/h2>\n<p><iframe loading=\"lazy\" src=\"\/fluege\/flugsuchmaschine.php\" frameborder=\"0\" width=\"100%\" height=\"700\" scrolling=\"auto\" name=\"flightsearch\"><\/iframe><\/p>\n<\/div>\n<div class=\"tabbertab\">\n<h2>Charterflug<\/h2>\n<p><b>Flugzeugrestpl\u00e4tze Schn\u00e4ppchen von Reiseveranstaltern<\/b><br \/>\n<iframe loading=\"lazy\" frameborder=\"0\" src=\"https:\/\/tbe.travelsystem.de\/index.html#\/region?ngn=flight&#038;pid=A-29203-0&#038;cntry=&#038;rgn=&#038;cty=&#038;giata=&#038;iff=&#038;ddate=5&#038;rdate=60&#038;dur=&#038;attr=&#038;trvlr=2&#038;room=&#038;meal=&#038;prtr=&#038;dep=FRA&#038;cat=0&#038;rtng=0&#038;rtnga=0&#038;rcmnd=0&#038;htl=&#038;htln=\" scrolling=\"auto\" width=\"100%\" height=\"5000\" name=\"charterflugfra\"><\/p>\n<p>Ihr Browser kann leider keine eingebetteten Frames anzeigen:<br \/>\n  Sie k&ouml;nnen die eingebettete Seite &uuml;ber den folgenden Verweis<br \/>\n  aufrufen: <a href=\"https:\/\/tbe.travelsystem.de\/index.html#\/region?ngn=flight&#038;pid=A-29203-0&#038;cntry=&#038;rgn=&#038;cty=&#038;giata=&#038;iff=&#038;ddate=&#038;rdate=&#038;dur=&#038;attr=&#038;trvlr=2&#038;room=&#038;meal=&#038;prtr=&#038;dep=FRA&#038;cat=0&#038;rtng=0&#038;rtnga=0&#038;rcmnd=0&#038;htl=&#038;htln=\">Charterflug<\/a><\/iframe><\/p>\n<\/div>\n<div class=\"tabbertab\">\n<h2>Hotel suche<\/h2>\n<div\n  data-skyscanner-widget=\"HotelSearchWidget\"\n  data-locale=\"de-DE\"\n  data-market=\"DE\"\n  data-currency=\"EUR\"\n  data-campaign-id=\"13416\"\n  data-media-partner-id=\"2891447\"\n  data-ad-id=\"1103261\"\n  data-powered-by-logo-colour=\"light\"\n><\/div>\n<p><script src=\"https:\/\/widgets.skyscanner.net\/widget-server\/js\/loader.js\" async><\/script>\n<\/div>\n<div class=\"tabbertab\">\n<h2>Pauschalangebote<\/h2>\n<p><iframe loading=\"lazy\" id=\"tbeIFrame\" src=\"https:\/\/tbe.travelsystem.de\/index.html#\/region?ngn=package&#038;pid=A-29203-0&#038;cntry=&#038;rgn=&#038;cty=&#038;giata=&#038;iff=&#038;ddate=5&#038;rdate=120&#038;dur=&#038;attr=&#038;trvlr=2&#038;room=&#038;meal=&#038;prtr=&#038;dep=&#038;cat=0&#038;rtng=0&#038;rtnga=0&#038;rcmnd=0&#038;htl=&#038;htln=\" width=\"100%\" height=\"4000\"><\/iframe>\n<\/div>\n<div class=\"tabbertab\">\n<h3>Parkpl\u00e4tze<\/h3>\n<p><b>Angebote billige Parkpl\u00e4tze am Flughafen suchen und finden<\/b><br \/>\n<iframe loading=\"lazy\" src=\"https:\/\/www.holidayextras.com\/de\/?agent=91195&#038;customer_ref=A-29203-0\" frameborder=\"0\" width=\"100%\" height=\"3000\"><\/iframe>\n<\/div>\n<div class=\"tabbertab\">\n<h2>Mietwagen<\/h2>\n<h5>Mietwagen g\u00fcnstig buchen im Preisvergleich<\/h5>\n<h5>Billiger Mietwagen g\u00fcnstig buchen im Preisvergleich<\/h5>\n<p><center><br \/>\n<iframe loading=\"lazy\" src=\"https:\/\/partner.sunnycars.de\/?ak=183207&#038;ar=A-29203-0\" frameborder=\"0\" width=\"100%\" height=\"1000\"><\/iframe><br \/>\n<\/center>\n<\/div>\n<\/div>\n<div class=\"tabber\">\n<div class=\"tabbertab\">\n<h3>Wetter<\/h3>\n<table border=\"0\">\n<tr>\n<th align=\"left\" valign=\"top\" width=\"200\" height=\"75\">\n<a href=\"https:\/\/www.weatheronline.co.uk\/cgi-bin\/homecif?WMO=10637&#038;L=en&#038;WIDTH=180&#038;HEIGHT=150&#038;CLOUD=1&#038;V=2\" target=\"Angebote\" id=\"myfavorite\" rel=\"noopener noreferrer\"><\/p>\n<h4>Wetter<\/h4>\n<p><\/a><\/p>\n<hr>\n<p><br clear=all><\/p>\n<\/th>\n<th align=\"center\" valign=\"top\" width=\"200\"> <center><\/p>\n<h5>Wettervorhersage<\/h5>\n<p><\/center><br \/>\n <br \/><iframe loading=\"lazy\" width=\"300\" height=\"300\" src=\"https:\/\/www.weatheronline.co.uk\/cgi-bin\/homecif?WMO=10637&#038;L=en&#038;WIDTH=180&#038;HEIGHT=150&#038;CLOUD=1&#038;V=2\" name=\"Angebote\" scrolling=\"auto\"><\/iframe>\n<\/th>\n<th align=\"right\" valign=\"top\" width=\"0\"><\/th>\n<\/tr>\n<\/tr>\n<\/table>\n<\/div>\n<div class=\"tabbertab\">\n<h2>Karte<\/h2>\n<p><center><div class=\"su-gmap su-u-responsive-media-yes\"><iframe loading=\"lazy\" width=\"600\" height=\"400\" src=\"\/\/maps.google.com\/maps?q=Flughafen%20Frankfurt&amp;output=embed\" title=\"\"><\/iframe><\/div>\n<\/center>\n<\/div>\n<div class=\"tabbertab\">\n<h2>Info<\/h2>\n<h5>News zum Flughafen<\/h5>\n<p>Im April 2011 wurde der neue Tower des Flughafens fertiggestellt und in der Nacht vom 13. auf den 14. Juni, zwei Wochen fr\u00fcher als geplant, in Betrieb genommen. Eine Besonderheit des neuen Towers ist sein wie ein angeh\u00e4ngter Container wirkendes Technikgeschoss.<\/p>\n<p>Am 25. und am 26. Juni 2011 fand ein Sommerfest der Fraport auf der neuen Landebahn Nordwest statt. 80.000 Besucher kamen zur Besichtigung. Am 30. Juni 2011 wurde die Start- und Landebahn Nord, die bisher die Bezeichnung 07L\/25R trug, in 07C\/25C umbenannt, da sie nun die mittlere der drei parallelen Bahnen in Ost-West-Richtung bildet (C steht f\u00fcr Center). Gleichzeitig erhielt die neue Landebahn Nordwest die Bezeichnung 07L\/25R.<\/p>\n<p>Am 11. Oktober 2011, neun Tage vor der geplanten Inbetriebnahme der neuen Landebahn und drei Wochen vor Beginn des Winterflugplans, verh\u00e4ngte der Hessische Verwaltungsgerichtshof absolute Nachtflugbeschr\u00e4nkungen bzw. ein &#8222;Nachtflugverbot&#8220; von 23 bis 5 Uhr f\u00fcr den gesamten Flughafen, beginnend am 30. Oktober 2011. Diese Entscheidung hat f\u00fcr den Flughafen, insbesondere f\u00fcr den Frachtbereich der Lufthansa Cargo, weitreichende Folgen, da f\u00fcr den Winterflugplan bereits 17 t\u00e4gliche Nachtfl\u00fcge fest eingeplant und vergeben wurden. Einen Vorschlag von Lufthansa-Chef Christoph Franz, die neue Landebahn erst dann einzuweihen, wenn das Bundesverwaltungsgericht abschlie\u00dfend \u00fcber die Nachtflugregelung entschieden habe (was f\u00fcr das Fr\u00fchjahr 2012 erwartet wird), wies der Betreiber Fraport zur\u00fcck, da ebenso die Slots f\u00fcr die neue Landebahn bereits fest vergeben sind.<\/p>\n<p>Die Landebahn wurde am 20. Oktober 2011 in Betrieb genommen. Das erste Flugzeug (ein Airbus A319 der Flugbereitschaft) mit Bundeskanzlerin Angela Merkel an Bord landete jedoch erst am 21. Oktober 2011 um 14:31 Uhr. Die Bundeskanzlerin nahm die Bahn dann im Rahmen einer Feierstunde in Betrieb. Die Kapazit\u00e4t des Flughafens soll nun schrittweise, mit zun\u00e4chst acht zus\u00e4tzlichen Flugbewegungen in der Stunde, erh\u00f6ht werden. Dadurch wird sich der Koordinationseckwert von derzeit 83 auf 91 Flugbewegungen pro Stunde erh\u00f6hen, langfristig soll der Koordinationseckwert bis auf 126 Flugbewegungen erh\u00f6ht werden.<\/p>\n<h5>Terminal 1<\/h5>\n<p>Im Terminal 1 mit den vier Fluggastbereichen <b>A, B, C<\/b> und <b>Z<\/b> werden s\u00e4mtliche Fl\u00fcge der Lufthansa sowie deren Tochtergesellschaften <strong>Swiss, Austrian Airlines, Brussels Airlines, British Midland Airways, SunExpress<\/strong> und Partnergesellschaften im Verbund der <b>Star Alliance<\/b> u. a. <strong>Aegean Airlines, Air Canada, Air China, All Nippon Airways, EgyptAir, Singapore Airlines, South African Airways, Thai Airways International, Turkish Airlines, United Airlines<\/strong> abgefertigt. Auch Airlines ohne Bezug zur Lufthansa und zur Star Alliance werden im Terminal 1 abgefertigt.<\/p>\n<h5>Terminal 2 <\/h5>\n<p>Im Terminal 2 mit den Fluggastbereichen <b>D<\/b> und <b>E <\/b>sind die Fluggesellschaften der Allianzen <b><i>Oneworld<\/i><\/b> u. a. <strong>American Airlines, British Airways, Cathay Pacific, Iberia, Japan Airlines, LAN Airlines, Qantas Airways, Royal Jordanian, Air Berlin und SkyTeam u. a. Air France, Alitalia, China Southern Airlines, Delta Air Lines, KLM Royal Dutch Airlines <\/strong>vertreten. <\/p>\n<h5>Lufthansa First-Class-Terminal <\/h5>\n<p>In der N\u00e4he von Terminal 1 steht Flugg\u00e4sten von <b>Lufthansa<\/b>,<strong> Swiss<\/strong> und <strong>Austrian Airlines<\/strong> mit einer <b>First-Class-Bordkarte<\/b> sowie <strong>Vielfliegern<\/strong> mit dem h\u00f6chsten Status <b>Miles &#038; More HON-Circle<\/b> ein eigenes Terminal zur Verf\u00fcgung. Das Terminal wurde vom Architekturb\u00fcro Hollin+Radoske entworfen und verf\u00fcgt \u00fcber eine au\u00dfergew\u00f6hnliche Ausstattung, die weit \u00fcber die herk\u00f6mmlicher Lounges hinausgeht. Der Shuttle-Service der Lufthansa (von Terminal <b>1A<\/b> aus) wurde im M\u00e4rz 2009 eingestellt, da Lufthansa Umsteigern inzwischen zwei gleichwertige First Class <strong>Lounges<\/strong>, je eine im Flugbereich <b>A<\/b> (Schengen Zone) und <b>B<\/b> (Nicht-Schengen Zone), anbietet<\/p>\n<p><strong>Der Flughafen wird von ca. 155 Fluggesellschaften angeflogen<\/strong><br \/>\nDie wichtigste Fluggesellschaft ist die <strong>Lufthansa<\/strong>, die dort ihre technische Basis und ihr Hauptdrehkreuz hat. Sie bietet (teils in Kooperation mit den Partnern der <strong>Star Alliance<\/strong>) Direktfl\u00fcge zu fast allen gro\u00dfen Flugh\u00e4fen der Welt an. Auch hat Lufthansa Codeshare-Vertr\u00e4ge mit vielen gro\u00dfen und zum Teil auch kleineren Airlines, was das Streckennetz der Lufthansa noch zus\u00e4tzlich erweitert. Lufthansa, Star Alliance, sowie die Customer Airlines von Lufthansa nutzen zum gr\u00f6\u00dften Teil das gesamte Terminal 1 (A, B, C) sowie den sogenannten C\/D Riegel (\u00dcbergang zwischen C und D, der baulich zwar zum Terminal 2 geh\u00f6rt, aber verwaltungstechnisch zum Terminal 1). Der Flughafen ist au\u00dferdem Hauptdrehkreuz von <strong>Condor<\/strong> und war von Beginn des Sommerflugplans 2009 bis zum Ende des Sommerflugplans 2010 Drehkreuz der Nordamerika-Fl\u00fcge von <strong>Air India<\/strong>, die danach auf Nonstop-Fl\u00fcge von Delhi umgestellt hat. <strong>Singapore Airlines<\/strong> benutzt den  Flughafen als Zwischenstop auf der Strecke von Singapur nach New York-JFK. Mit bis zu acht t\u00e4glichen Fl\u00fcgen geh\u00f6rt der Flughafen zudem zu den vier <strong>International Gateways<\/strong> von <strong>United Airlines<\/strong>.<\/p>\n<p>Da der Flughafen praktisch komplett ausgelastet ist und neue Slots nur sehr schwer zu bekommen sind, nutzen die sogenannten Billigflieger oft als Alternative den Flughafen Hahn HHN, der jedoch 120 Kilometer westlich in Rheinland-Pfalz liegt und nicht durch Massenverkehrsmittel an den Hauptflughafen angebunden ist.<\/p>\n<p><center><br \/>\nMehr Infos zum Airport in <a href=\"https:\/\/de.wikipedia.org\/wiki\/Flughafen_Frankfurt_am_Main\">wikipedia.org<\/a><br \/>\n<\/center><br \/>\n<\/p>\n<p><font size=\"1\" color=\"#f4eeee\"><br \/>\n<marquee><b>Hotel Reiseangebote: 1 Tag, 2 Tage, 3 Tage, 4 Tage, 5 Tage, 6 Tage, 7 Tage, 8 Tage, 9 Tage, 10 Tage, 11 Tage, 12 Tage, 13 Tage, 14 Tage, 15 Tage, 16 Tage, 17 Tage, 18 Tage, 19 Tage, 20 Tage, 21 Tage, 1 Woche, 2 Wochen, 3 Wochen, 4 Wochen, Sterne, Hotels, Reisen unter 100 unter 200 unter 300 unter 400 unter 500 Euro 600 unter 700 unter 800, 900, 1000, 1100, bis 1200, bis 1300, bis 1400, bis 1500, bis 1600, bis 1700, bis 1800, bis 1900, bis 2000, bis 2100, bis 2200, bis 2300, bis 2400, bis 2500, bis 2600, bis 2700 Pro Person <\/b><\/marquee><\/font> <\/p>\n<\/p>\n<p><font size=\"1\" color=\"#f4eeee\"><br \/>\n<marquee><b>Hamburg Moskau Berlin Istanbul Frankfurt London Madrid Kiew Rom Paris Bukarest Minsk Budapest Wien Warschau Barcelona Charkow Sofia M\u00fcnchen Mailand Prag Belgrad Samara Kasan Birmingham K\u00f6ln Odessa Ufa Perm Donezk Neapel Turin Stockholm Marseille Valencia Amsterdam Krakau \u0141\u00f3d\u017a Zagreb Togliatti Krasnodar Sevilla Riga Saragossa Palermo Athen Breslau Tirana Ischewsk Rotterdam Genua Stuttgart Oslo Uljanowsk Rjasan Glasgow D\u00fcsseldorf Helsinki Dortmund Essen M\u00e1laga Posen Vilnius Bremen Kopenhagen Dublin Orenburg Dresden Leipzig Hannover G\u00f6teborg Nabereschnyje Tschelny Pensa Mykolajiw N\u00fcrnberg Lipezk Astrachan Heidelberg N\u00fcrnberg Jena Gera Bremen D\u00fcsseldorf Speyer Venedig Flights<\/b><\/marquee><\/font> <\/p>\n<\/div>\n<\/div>\n<p><center><\/p>\n<table id=\"hor-minimalist-a\" summary=\"Employee Pay Sheet\">\n<thead>\n<tr>\n<th scope=\"col\">Flugangebote mit R\u00fcckflug<\/th>\n<th scope=\"col\">Flugziele<\/th>\n<th scope=\"col\">Flugsuche<\/th>\n<\/tr>\n<\/thead>\n<tbody>\n<tr>\n<td><a href=\"https:\/\/reisen-travel.com\/fluege\/flug-de\/deutschland-flights\/frankfurt-flights\/\"><b>Frankfurt &#8211; Bangkok<\/b><\/a><\/td>\n<td><a href=\"https:\/\/reisen-travel.com\/fluege\/flug-de\/asien-flug-billige-angebote\/flights-thailand-flug-angebote-billigflug\/\"><b>Thailand<\/b><\/a><\/td>\n<td><a href=\"https:\/\/reisen-travel.com\/fluege\/flug-de\/asien-flug-billige-angebote\/indien-flights\/\" title=\"Billigflug nach Indien\"><b>Indien<\/b><\/a><\/td>\n<\/tr>\n<tr>\n<td><a href=\"https:\/\/reisen-travel.com\/fluege\/flug-de\/spanien-flights\/mallorca-flights\/\"><b>Frankfurt &#8211; Palma de Mallorca<\/b><\/a><\/td>\n<td><a href=\"https:\/\/reisen-travel.com\/fluege\/flug-de\/spanien-flights\/\"><b>Spanien<\/b><\/a><\/td>\n<td><a href=\"https:\/\/reisen-travel.com\/fluege\/flug-de\/spanien-flights\/fuerteventura-flights\/\" title=\"Billigflug nach Fuerteventura\"><b>Fuerteventura<\/b><\/a><\/td>\n<\/tr>\n<tr>\n<td><a href=\"https:\/\/reisen-travel.com\/fluege\/flug-de\/amerika-flights\/usa-flights\/\"><b>Frankfurt &#8211; New York<\/b><\/a><\/td>\n<td><a href=\"https:\/\/reisen-travel.com\/fluege\/flug-de\/amerika-flights\/\"><b>Amerika<\/b><\/a><\/td>\n<td><a href=\"https:\/\/reisen-travel.com\/fluege\/flug-de\/amerika-flights\/brasilien-flights\/\" title=\"Billigflug nach Brasilien\"><b>Brasilien<\/b><\/a><\/td>\n<\/tr>\n<tr>\n<td><a href=\"https:\/\/reisen-travel.com\/fluege\/flug-de\/amerika-flights\/canada-flights\/\"><b>Frankfurt &#8211; Toronto<\/b><\/a><\/td>\n<td><a href=\"https:\/\/reisen-travel.com\/fluege\/flug-de\/amerika-flights\/canada-flights\/\"><b>Kanada<\/b><\/a><\/td>\n<td><a href=\"https:\/\/reisen-travel.com\/fluege\/flug-de\/amerika-flights\/mexiko-flights\/\" title=\"Cheap Flights to Mexico\"><b>Mexico<\/b><\/a><\/td>\n<\/tr>\n<tr>\n<td><a href=\"https:\/\/reisen-travel.com\/fluege\/flug-de\/tuerkei-flights\/istanbul-flights\/\"><b>Frankfurt &#8211; Istanbul<\/b><\/a><\/td>\n<td><a href=\"https:\/\/reisen-travel.com\/fluege\/flug-de\/tuerkei-flights\/\"><b>T\u00fcrkei<\/b><\/a><\/td>\n<td><a href=\"https:\/\/reisen-travel.com\/fluege\/flug-de\/tuerkei-flights\/antalya-flights\/\" title=\"Billigflug nach Antalya\"><b>Antalya<\/b><\/a><\/td>\n<\/tr>\n<tr>\n<td><a href=\"https:\/\/reisen-travel.com\/fluege\/flug-de\/deutschland-flights\/berlin-flights-txl-sxf\/\"><b>Berlin &#8211; Istanbul<\/b><\/td>\n<td><a href=\"https:\/\/reisen-travel.com\/fluege\/flug-de\/asien-flug-billige-angebote\/\"><b>Asien<\/b<\/td>\n<td><a href=\"https:\/\/reisen-travel.com\/fluege\/flug-de\/asien-flug-billige-angebote\/china-flights\/\" title=\"Billigflug nach China\"><b>China<\/b><\/td>\n<\/tr>\n<tr>\n<td><a href=\"https:\/\/reisen-travel.com\/fluege\/flug-de\/deutschland-flights\/hamburg-flights\/\"><b>Hamburg &#8211; Bankok<\/b><\/a><\/td>\n<td><a href=\"https:\/\/reisen-travel.com\/fluege\/flug-de\/asien-flug-billige-angebote\/philippinen-flights\/\"><b>Philippinen<\/b><\/a><\/td>\n<td><a href=\"https:\/\/reisen-travel.com\/fluege\/flug-de\/asien-flug-billige-angebote\/singapur-flights\/\" title=\"Cheap Flights to Singapur\"><b>Singapur<\/b><\/a><\/td>\n<\/tr>\n<tr>\n<td><a href=\"https:\/\/reisen-travel.com\/fluege\/flug-de\/deutschland-flights\/muenchen-flights\/\"><b>M\u00fcnchen &#8211; Moskau<\/b><\/a><\/td>\n<td><a href=\"https:\/\/reisen-travel.com\/fluege\/flug-de\/russland-flights\/\"><b>Russland<\/b><\/a><\/td>\n<td><a href=\"https:\/\/reisen-travel.com\/fluege\/flug-de\/europa-flights\/polen-flights\/\" title=\"Billigflug nach Polen\"><b>Polen<\/b><\/a><\/td>\n<\/tr>\n<tr>\n<td><a href=\"https:\/\/reisen-travel.com\/fluege\/flug-de\/deutschland-flights\/stuttgart-flights\/\"><b>Stuttgart &#8211; Izmir<\/b><\/a><\/td>\n<td><a href=\"https:\/\/reisen-travel.com\/fluege\/flug-de\/vae-flights\/\"><b>Deutschland<\/b><\/a><\/td>\n<td><a href=\"https:\/\/reisen-travel.com\/fluege\/flug-de\/deutschland-flights\/berlin-flights-txl-sxf\/\" title=\"Billigflug von und nach Berlin\"><b>Berlin<\/b><\/a><\/td>\n<\/tr>\n<tr>\n<td><a href=\"https:\/\/reisen-travel.com\/fluege\/flug-de\/vae-flights\/dubai-dxb-flights\/\"><b>Frankfurt &#8211; Dubai<\/b><\/a><\/td>\n<td><a href=\"https:\/\/reisen-travel.com\/fluege\/flug-de\/vae-flights\/\"><b>Emirates<\/b><\/a><\/td>\n<td><a href=\"https:\/\/reisen-travel.com\/fluege\/flug-de\/deutschland-flights\/muenchen-flights\/\" title=\"Billigflug ab M\u00fcnchen\"><b>M\u00fcnchen<\/b><\/a><\/td>\n<\/tr>\n<tr>\n<td><a href=\"https:\/\/reisen-travel.com\/fluege\/flug-de\/england-flights\/\"><b>Frankfurt &#8211; London<\/b><\/a><\/td>\n<td><a href=\"https:\/\/reisen-travel.com\/fluege\/flug-de\/england-flights\/\"><b>England<\/b><\/a><\/td>\n<td><a href=\"https:\/\/reisen-travel.com\/fluege\/flug-de\/irland-flights\/\" title=\"Billigflug nach Irland DUB\"><b>Irland DUB<\/b><\/a><\/td>\n<\/tr>\n<tr>\n<td><a href=\"https:\/\/reisen-travel.com\/fluege\/flug-de\/deutschland-flights\/koeln-bonn-flights\/\"><b>K\u00f6ln &#8211; Palma de Mallorca<\/b><\/a><\/td>\n<td><a href=\"https:\/\/reisen-travel.com\/fluege\/flug-de\/spanien-flights\/gran-canaria-flights\/\"><b>Gran Canaria<\/b><\/a><\/td>\n<td><a href=\"https:\/\/reisen-travel.com\/fluege\/flug-de\/spanien-flights\/teneriffa-tfs-flights\/\" title=\"Billigflug nach Teneriffa\"><b>Teneriffa<\/b><\/a><\/td>\n<\/tr>\n<tr>\n<td><a href=\"https:\/\/reisen-travel.com\/fluege\/flug-de\/australien-flights\/\"><b>Frankfurt &#8211; Sydney<\/b><\/a><\/td>\n<td><a href=\"https:\/\/reisen-travel.com\/fluege\/flug-de\/new-zealand-flights\/\" title=\"Billigflug nach New Zealand\"><b><i>New Zealand<\/i><\/b><\/a><\/td>\n<td><a href=\"https:\/\/reisen-travel.com\/fluege\/flug-de\/suedafrika-flights\/\" title=\"Billigflug nach S\u00fcdafrika\"><b><i>S\u00fcdafrika<\/i><\/b><\/a><\/td>\n<\/tr>\n<\/tbody>\n<\/table>\n<\/thead>\n<\/table>\n<p><\/center><br \/>\n<br \/>\n <span onmouseover=\"_tipon(this)\" onmouseout=\"_tipoff()\"><span class=\"fly-src-text\" style=\"direction: ltr; text-align: left\"> <marquee behavior=scroll direction=left><a href = \"https:\/\/reisen-travel.com\/fluege\/ \"> Spanien ES Afghanistan AF \u00c4gypten EG Albanien AL Algerien DZ Andorra AD Angola AO Anguilla AI Antarktis AQ Antigua und Barbuda AG \u00c4quatorial GuineaGQ Argentinien AR Armenien AM Aruba AW Aserbaidschan AZ \u00c4thiopien ET Australien AU Bahamas BS Bahrain BH Bangladesh BD Barbados BB Belgien BE Belize BZ Benin BJ Bermudas BM Bhutan BT Birma MM Bolivien BO Bosnien- Herzegowina BA Botswana BW Bouvet Inseln BV Brasilien BR Britisch-Indischer Ozean IO Brunei BN Bulgarien BG Burkina Faso BF Burundi BI Chile CL China CN Christmas Island CX Cook Inseln CK Costa Rica CR D\u00e4nemark DK Deutschland DE Djibuti DJ Dominika DM Dominikanische Republik DO Ecuador EC El Salvador SV Elfenbeink\u00fcste CI Eritrea ER Estland EE Falkland Inseln FK F\u00e4r\u00f6er Inseln FO Fidschi FJ Finnland FI Frankreich FR ranz\u00f6sisch Guyana GF Franz\u00f6sisch Polynesien PF Franz\u00f6sisches S\u00fcd-Territorium TF Gabun GA Gambia GM Georgien GE Ghana GH Gibraltar GI Grenada GD Griechenland GR Gr\u00f6nland GL Gro\u00dfbritannien (UK) GB Guadeloupe GP Guam GU Guatemala GT Guinea GN Guinea Bissau GW Guyana GY Haiti HT Heard und McDonald Islands HM Honduras HN Hong Kong HK Indien IN Indonesien ID Irak IQ Iran IR Irland IE Island IS Israel IL Italien IT Jamaika JM Japan JP Jemen YE Jordanien JO Jugoslawien YU Kaiman Inseln KY Kambodscha KH Kamerun CM Kanada CA Kap Verde CV Kasachstan KZ Kenia KE Kirgisistan KG Kiribati KI Kokosinseln CC Kolumbien CO Komoren KM Kongo CG Kongo Demokratische Republik\tCD Kroatien HR Kuba CU Kuwait KW Laos LA Lesotho LS Lettland LV Libanon LB Liberia LR Libyen LY Liechtenstein LI Litauen LT Luxemburg LU Macao MO Madagaskar MG Malawi MW Malaysia MY Malediven MV Mali ML  Valletta MT Marianen MP Marokko MA Marshall Inseln MH Martinique MQ Mauretanien MR Mauritius MU Mayotte YT Mazedonien MK Mexiko MX Mikronesien FM Mocambique MZ Moldavien MD Monaco MC Mongolei MN Montserrat MS Namibia NA Nauru NR Nepal NP Neukaledonien NC Neuseeland NZ Nicaragua NI Niederlande NL Niederl\u00e4ndische Antillen AN Niger NE Nigeria NG Niue NU Nord Korea KP Norfolk Inseln NF Norwegen NO Oman OM \u00d6sterreich AT Pakistan PK Pal\u00e4stina PS Palau PW Panama PA Papua Neuguinea PG Paraguay PY Peru PE Philippinen PH Pitcairn PN Polen PL Portugal PT Puerto Rico PR Qatar QA Reunion RE Ruanda RW Rum\u00e4nien RO Ru\u00dfland RU Saint Lucia LC Sambia ZM Samoa AS Samoa WS San Marino SM Sao Tome ST Saudi Arabien SA Schweden SE Schweiz CH Senegal SN Seychellen SC Sierra Leone SL Singapur SG Slowakei -slowakische Republik SK Slowenien SI Solomon Inseln SB Somalia SO South Georgia, South Sandwich Isl. GS Spanien ES Sri Lanka LK St. Helena SH St. Pierre und Miquelon PM St. Vincent VC S\u00fcd Korea KR S\u00fcdafrika A Sudan SD Surinam SR Svalbard und Jan Mayen Islands SJ Swasiland SZ Syrien SY Tadschikistan TJ Taiwan TW Tansania TZ Thailand TH Timor TP Togo TG Tokelau TK Tonga TO Trinidad TobagoTT Tschad TD Tschechische Republik CZ Tunesien TN T\u00fcrkei TR Turkmenistan TM Turks und Kaikos Inseln TC Tuvalu TV Uganda UG Ukraine UA Ungarn HU Uruguay UY Usbekistan UZ Vanuatu VU Vatikan VA Venezuela VE Vereinigte Arabische Emirate AE Vereinigte Staaten von Amerika US Vietnam VN Virgin Island (Brit.) VG Virgin Island (USA) VI Wallis et Futuna WF Wei\u00dfru\u00dfland BY Westsahara EH Zentralafrikanische Republik CF Zimbabwe ZW Zypern CY<\/ a><\/marquee> <\/p>\n<p style=\"font-size:10px;\"><\/span> <\/p>\n","protected":false},"excerpt":{"rendered":"<p>Billigflug Charterflug Flugzeugrestpl\u00e4tze Schn\u00e4ppchen von Reiseveranstaltern Ihr Browser kann leider keine eingebetteten Frames anzeigen: Sie k&ouml;nnen die eingebettete Seite &uuml;ber den folgenden Verweis aufrufen: Charterflug Hotel suche Pauschalangebote Parkpl\u00e4tze Angebote billige Parkpl\u00e4tze am Flughafen suchen und finden Mietwagen Mietwagen g\u00fcnstig &hellip; <a href=\"https:\/\/reisen-travel.com\/fluege\/flug-de\/deutschland-flights\/frankfurt-flights\/\">Weiterlesen <span class=\"meta-nav\">&rarr;<\/span><\/a><\/p>\n","protected":false},"author":1,"featured_media":0,"parent":11,"menu_order":1,"comment_status":"closed","ping_status":"open","template":"","meta":{"footnotes":""},"class_list":["post-130","page","type-page","status-publish","hentry"],"_links":{"self":[{"href":"https:\/\/reisen-travel.com\/fluege\/wp-json\/wp\/v2\/pages\/130","targetHints":{"allow":["GET"]}}],"collection":[{"href":"https:\/\/reisen-travel.com\/fluege\/wp-json\/wp\/v2\/pages"}],"about":[{"href":"https:\/\/reisen-travel.com\/fluege\/wp-json\/wp\/v2\/types\/page"}],"author":[{"embeddable":true,"href":"https:\/\/reisen-travel.com\/fluege\/wp-json\/wp\/v2\/users\/1"}],"replies":[{"embeddable":true,"href":"https:\/\/reisen-travel.com\/fluege\/wp-json\/wp\/v2\/comments?post=130"}],"version-history":[{"count":81,"href":"https:\/\/reisen-travel.com\/fluege\/wp-json\/wp\/v2\/pages\/130\/revisions"}],"predecessor-version":[{"id":2491,"href":"https:\/\/reisen-travel.com\/fluege\/wp-json\/wp\/v2\/pages\/130\/revisions\/2491"}],"up":[{"embeddable":true,"href":"https:\/\/reisen-travel.com\/fluege\/wp-json\/wp\/v2\/pages\/11"}],"wp:attachment":[{"href":"https:\/\/reisen-travel.com\/fluege\/wp-json\/wp\/v2\/media?parent=130"}],"curies":[{"name":"wp","href":"https:\/\/api.w.org\/{rel}","templated":true}]}}